CRAN Package Check Results for Package gutenbergr

Last updated on 2019-01-21 12:47:49 CET.

Flavor Version Tinstall Tcheck Ttotal Status Flags
r-devel-linux-x86_64-debian-clang 0.1.4 4.77 57.71 62.48 OK
r-devel-linux-x86_64-debian-gcc 0.1.4 5.07 45.46 50.53 OK
r-devel-linux-x86_64-fedora-clang 0.1.4 75.29 NOTE
r-devel-linux-x86_64-fedora-gcc 0.1.4 71.34 NOTE
r-devel-windows-ix86+x86_64 0.1.4 13.00 112.00 125.00 OK
r-patched-linux-x86_64 0.1.4 5.74 55.17 60.91 OK
r-patched-solaris-x86 0.1.4 112.30 NOTE
r-release-linux-x86_64 0.1.4 5.18 54.58 59.76 OK
r-release-windows-ix86+x86_64 0.1.4 15.00 106.00 121.00 OK
r-release-osx-x86_64 0.1.4 NOTE
r-oldrel-windows-ix86+x86_64 0.1.4 15.00 107.00 122.00 OK
r-oldrel-osx-x86_64 0.1.4 NOTE

Check Details

Version: 0.1.4
Check: data for non-ASCII characters
Result: NOTE
     Note: found 13617 marked UTF-8 strings
Flavors: r-devel-linux-x86_64-fedora-clang, r-devel-linux-x86_64-fedora-gcc, r-patched-solaris-x86, r-release-osx-x86_64, r-oldrel-osx-x86_64