CRAN Package Check Results for Package gutenbergr

Last updated on 2019-03-24 04:46:54 CET.

Flavor Version Tinstall Tcheck Ttotal Status Flags
r-devel-linux-x86_64-debian-clang 0.1.4 6.68 56.58 63.26 OK
r-devel-linux-x86_64-debian-gcc 0.1.4 6.13 44.63 50.76 OK
r-devel-linux-x86_64-fedora-clang 0.1.4 76.76 NOTE
r-devel-linux-x86_64-fedora-gcc 0.1.4 72.84 NOTE
r-devel-windows-ix86+x86_64 0.1.4 18.00 103.00 121.00 OK
r-patched-linux-x86_64 0.1.4 5.21 55.01 60.22 OK
r-patched-solaris-x86 0.1.4 118.80 NOTE
r-release-linux-x86_64 0.1.4 0.36 2.23 2.59 ERROR
r-release-windows-ix86+x86_64 0.1.4 8.00 159.00 167.00 OK
r-release-osx-x86_64 0.1.4 NOTE
r-oldrel-windows-ix86+x86_64 0.1.4 10.00 119.00 129.00 OK
r-oldrel-osx-x86_64 0.1.4 NOTE

Check Details

Version: 0.1.4
Check: data for non-ASCII characters
Result: NOTE
     Note: found 13617 marked UTF-8 strings
Flavors: r-devel-linux-x86_64-fedora-clang, r-devel-linux-x86_64-fedora-gcc, r-patched-solaris-x86, r-release-osx-x86_64, r-oldrel-osx-x86_64

Version: 0.1.4
Check: whether package can be installed
Result: ERROR
    Installation failed.
Flavor: r-release-linux-x86_64