CRAN Package Check Results for Package gutenbergr

Last updated on 2018-11-17 10:51:08 CET.

Flavor Version Tinstall Tcheck Ttotal Status Flags
r-devel-linux-x86_64-debian-clang 0.1.4 6.37 56.34 62.71 OK
r-devel-linux-x86_64-debian-gcc 0.1.4 4.97 44.17 49.14 OK
r-devel-linux-x86_64-fedora-clang 0.1.4 77.28 NOTE
r-devel-linux-x86_64-fedora-gcc 0.1.4 69.75 NOTE
r-devel-windows-ix86+x86_64 0.1.4 13.00 90.00 103.00 OK
r-patched-linux-x86_64 0.1.4 6.29 54.71 61.00 OK
r-patched-solaris-x86 0.1.4 111.60 NOTE
r-release-linux-x86_64 0.1.4 5.93 55.37 61.30 OK
r-release-windows-ix86+x86_64 0.1.4 14.00 110.00 124.00 OK
r-release-osx-x86_64 0.1.4 NOTE
r-oldrel-windows-ix86+x86_64 0.1.4 15.00 73.00 88.00 OK
r-oldrel-osx-x86_64 0.1.4 NOTE

Check Details

Version: 0.1.4
Check: data for non-ASCII characters
Result: NOTE
     Note: found 13617 marked UTF-8 strings
Flavors: r-devel-linux-x86_64-fedora-clang, r-devel-linux-x86_64-fedora-gcc, r-patched-solaris-x86, r-release-osx-x86_64, r-oldrel-osx-x86_64