CRAN Package Check Results for Package gutenbergr

Last updated on 2018-08-22 06:46:49 CEST.

Flavor Version Tinstall Tcheck Ttotal Status Flags
r-devel-linux-x86_64-debian-clang 0.1.4 6.81 63.20 70.01 OK
r-devel-linux-x86_64-debian-gcc 0.1.4 6.04 49.66 55.70 OK
r-devel-linux-x86_64-fedora-clang 0.1.4 81.94 NOTE
r-devel-linux-x86_64-fedora-gcc 0.1.4 78.53 NOTE
r-devel-windows-ix86+x86_64 0.1.4 9.00 78.00 87.00 OK
r-patched-linux-x86_64 0.1.4 5.88 57.72 63.60 OK
r-patched-solaris-x86 0.1.4 112.60 NOTE
r-release-linux-x86_64 0.1.4 5.41 58.41 63.82 OK
r-release-windows-ix86+x86_64 0.1.4 12.00 105.00 117.00 OK
r-release-osx-x86_64 0.1.4 NOTE
r-oldrel-windows-ix86+x86_64 0.1.4 11.00 112.00 123.00 OK
r-oldrel-osx-x86_64 0.1.4 NOTE

Check Details

Version: 0.1.4
Check: data for non-ASCII characters
Result: NOTE
     Note: found 13617 marked UTF-8 strings
Flavors: r-devel-linux-x86_64-fedora-clang, r-devel-linux-x86_64-fedora-gcc, r-patched-solaris-x86, r-release-osx-x86_64, r-oldrel-osx-x86_64