CRAN Package Check Results for Package gutenbergr

Last updated on 2019-08-22 10:47:46 CEST.

Flavor Version Tinstall Tcheck Ttotal Status Flags
r-devel-linux-x86_64-debian-clang 0.1.4 6.51 57.44 63.95 OK
r-devel-linux-x86_64-debian-gcc 0.1.4 6.08 45.47 51.55 OK
r-devel-linux-x86_64-fedora-clang 0.1.4 79.07 NOTE
r-devel-linux-x86_64-fedora-gcc 0.1.4 76.05 NOTE
r-devel-windows-ix86+x86_64 0.1.4 21.00 112.00 133.00 OK
r-patched-linux-x86_64 0.1.4 6.65 56.21 62.86 OK
r-patched-solaris-x86 0.1.4 124.30 NOTE
r-release-linux-x86_64 0.1.4 5.95 56.49 62.44 OK
r-release-windows-ix86+x86_64 0.1.4 21.00 98.00 119.00 OK
r-release-osx-x86_64 0.1.4 NOTE
r-oldrel-windows-ix86+x86_64 0.1.4 14.00 143.00 157.00 OK
r-oldrel-osx-x86_64 0.1.4 NOTE

Check Details

Version: 0.1.4
Check: data for non-ASCII characters
Result: NOTE
     Note: found 13617 marked UTF-8 strings
Flavors: r-devel-linux-x86_64-fedora-clang, r-devel-linux-x86_64-fedora-gcc, r-patched-solaris-x86, r-release-osx-x86_64, r-oldrel-osx-x86_64