CRAN Package Check Results for Package gutenbergr

Last updated on 2020-06-01 21:50:35 CEST.

Flavor Version Tinstall Tcheck Ttotal Status Flags
r-devel-linux-x86_64-debian-clang 0.1.5 7.60 125.87 133.47 OK
r-devel-linux-x86_64-debian-gcc 0.1.5 6.38 89.80 96.18 OK
r-devel-linux-x86_64-fedora-clang 0.1.5 160.92 NOTE
r-devel-linux-x86_64-fedora-gcc 0.1.5 152.75 NOTE
r-devel-windows-ix86+x86_64 0.1.5 20.00 154.00 174.00 OK
r-patched-linux-x86_64 0.1.5 7.24 123.07 130.31 OK
r-patched-solaris-x86 0.1.5 682.60 NOTE
r-release-linux-x86_64 0.1.5 7.01 121.85 128.86 OK
r-release-osx-x86_64 0.1.5 NOTE
r-release-windows-ix86+x86_64 0.1.5 13.00 127.00 140.00 OK
r-oldrel-osx-x86_64 0.1.5 NOTE
r-oldrel-windows-ix86+x86_64 0.1.5 14.00 100.00 114.00 OK

Check Details

Version: 0.1.5
Check: data for non-ASCII characters
Result: NOTE
     Note: found 13617 marked UTF-8 strings
Flavors: r-devel-linux-x86_64-fedora-clang, r-devel-linux-x86_64-fedora-gcc, r-patched-solaris-x86, r-release-osx-x86_64, r-oldrel-osx-x86_64