CRAN Package Check Results for Package gutenbergr

Last updated on 2018-05-23 15:47:45 CEST.

Flavor Version Tinstall Tcheck Ttotal Status Flags
r-devel-linux-x86_64-debian-clang 0.1.4 6.11 62.10 68.21 OK
r-devel-linux-x86_64-debian-gcc 0.1.4 0.43 1.45 1.88 ERROR
r-devel-linux-x86_64-fedora-clang 0.1.4 79.77 NOTE
r-devel-linux-x86_64-fedora-gcc 0.1.4 80.66 NOTE
r-devel-windows-ix86+x86_64 0.1.4 9.00 133.00 142.00 OK
r-patched-linux-x86_64 0.1.4 5.00 58.15 63.15 OK
r-patched-solaris-x86 0.1.4 117.40 NOTE
r-release-linux-x86_64 0.1.4 4.82 57.22 62.04 OK
r-release-windows-ix86+x86_64 0.1.4 13.00 98.00 111.00 OK
r-release-osx-x86_64 0.1.4 NOTE
r-oldrel-windows-ix86+x86_64 0.1.4 12.00 108.00 120.00 OK
r-oldrel-osx-x86_64 0.1.4 NOTE

Check Details

Version: 0.1.4
Check: package dependencies
Result: ERROR
    Packages required but not available: ‘dplyr’ ‘readr’ ‘purrr’
    
    Packages suggested but not available for checking:
     ‘tidytext’ ‘ggplot2’ ‘tidyr’
    
    See section ‘The DESCRIPTION file’ in the ‘Writing R Extensions’
    manual.
Flavor: r-devel-linux-x86_64-debian-gcc

Version: 0.1.4
Check: data for non-ASCII characters
Result: NOTE
     Note: found 13617 marked UTF-8 strings
Flavors: r-devel-linux-x86_64-fedora-clang, r-devel-linux-x86_64-fedora-gcc, r-patched-solaris-x86, r-release-osx-x86_64, r-oldrel-osx-x86_64