CRAN Package Check Results for Package gutenbergr

Last updated on 2022-09-27 11:51:15 CEST.

Flavor Version Tinstall Tcheck Ttotal Status Flags
r-devel-linux-x86_64-debian-clang 0.2.1 7.90 99.15 107.05 NOTE
r-devel-linux-x86_64-debian-gcc 0.2.1 7.63 71.94 79.57 NOTE
r-devel-linux-x86_64-fedora-clang 0.2.1 140.64 NOTE
r-devel-linux-x86_64-fedora-gcc 0.2.1 140.21 NOTE
r-devel-windows-x86_64 0.2.1 21.00 127.00 148.00 NOTE
r-patched-linux-x86_64 0.2.1 6.53 92.52 99.05 OK
r-release-linux-x86_64 0.2.1 8.91 91.87 100.78 OK
r-release-macos-arm64 0.2.1 43.00 NOTE
r-release-macos-x86_64 0.2.1 76.00 NOTE
r-release-windows-x86_64 0.2.1 26.00 130.00 156.00 OK
r-oldrel-macos-arm64 0.2.1 50.00 NOTE
r-oldrel-macos-x86_64 0.2.1 58.00 NOTE
r-oldrel-windows-ix86+x86_64 0.2.1 20.00 125.00 145.00 OK

Check Details

Version: 0.2.1
Check: HTML version of manual
Result: NOTE
    Found the following HTML validation problems:
    gutenberg_get_mirror.html:25:1: Warning: <a> illegal characters found in URI
Flavors: r-devel-linux-x86_64-debian-clang, r-devel-linux-x86_64-debian-gcc, r-devel-linux-x86_64-fedora-clang, r-devel-linux-x86_64-fedora-gcc, r-devel-windows-x86_64

Version: 0.2.1
Check: data for non-ASCII characters
Result: NOTE
     Note: found 13617 marked UTF-8 strings
Flavors: r-devel-linux-x86_64-fedora-clang, r-devel-linux-x86_64-fedora-gcc, r-release-macos-arm64, r-release-macos-x86_64, r-oldrel-macos-arm64, r-oldrel-macos-x86_64