CRAN Package Check Results for Package gutenbergr

Last updated on 2019-12-14 16:46:34 CET.

Flavor Version Tinstall Tcheck Ttotal Status Flags
r-devel-linux-x86_64-debian-clang 0.1.5 7.11 865.10 872.21 OK
r-devel-linux-x86_64-debian-gcc 0.1.5 6.10 691.39 697.49 OK
r-devel-linux-x86_64-fedora-clang 0.1.5 902.28 NOTE
r-devel-linux-x86_64-fedora-gcc 0.1.5 946.73 NOTE
r-devel-windows-ix86+x86_64 0.1.5 15.00 1034.00 1049.00 OK
r-devel-windows-ix86+x86_64-gcc8 0.1.5 15.00 983.00 998.00 OK
r-patched-linux-x86_64 0.1.5 6.94 751.66 758.60 OK
r-patched-solaris-x86 0.1.5 1877.50 NOTE
r-release-linux-x86_64 0.1.5 5.77 753.46 759.23 OK
r-release-windows-ix86+x86_64 0.1.5 13.00 806.00 819.00 OK
r-release-osx-x86_64 0.1.5 NOTE
r-oldrel-windows-ix86+x86_64 0.1.5 11.00 778.00 789.00 OK
r-oldrel-osx-x86_64 0.1.5 NOTE

Check Details

Version: 0.1.5
Check: data for non-ASCII characters
Result: NOTE
     Note: found 13617 marked UTF-8 strings
Flavors: r-devel-linux-x86_64-fedora-clang, r-devel-linux-x86_64-fedora-gcc, r-patched-solaris-x86, r-release-osx-x86_64, r-oldrel-osx-x86_64