CRAN Package Check Results for Package gwasforest

Last updated on 2024-02-27 06:02:09 CET.

Flavor Version Tinstall Tcheck Ttotal Status Flags
r-devel-linux-x86_64-debian-clang 1.0.0 2.38 24.19 26.57 NOTE
r-devel-linux-x86_64-debian-gcc 1.0.0 2.01 18.78 20.79 NOTE
r-devel-linux-x86_64-fedora-clang 1.0.0 33.15 NOTE
r-devel-linux-x86_64-fedora-gcc 1.0.0 32.63 NOTE
r-devel-windows-x86_64 1.0.0 3.00 39.00 42.00 NOTE
r-patched-linux-x86_64 1.0.0 1.79 24.35 26.14 NOTE
r-release-linux-x86_64 1.0.0 1.68 23.84 25.52 NOTE
r-release-macos-arm64 1.0.0 18.00 NOTE
r-release-macos-x86_64 1.0.0 21.00 NOTE
r-release-windows-x86_64 1.0.0 3.00 41.00 44.00 NOTE
r-oldrel-macos-arm64 1.0.0 17.00 NOTE
r-oldrel-windows-x86_64 1.0.0 5.00 45.00 50.00 NOTE

Check Details

Version: 1.0.0
Check: LazyData
Result: NOTE 'LazyData' is specified without a 'data' directory Flavors: r-devel-linux-x86_64-debian-clang, r-devel-linux-x86_64-debian-gcc, r-devel-linux-x86_64-fedora-clang, r-devel-linux-x86_64-fedora-gcc, r-devel-windows-x86_64, r-patched-linux-x86_64, r-release-linux-x86_64, r-release-macos-arm64, r-release-macos-x86_64, r-release-windows-x86_64, r-oldrel-macos-arm64, r-oldrel-windows-x86_64