CRAN Package Check Results for Package gwer

Last updated on 2021-05-08 05:57:08 CEST.

Flavor Version Tinstall Tcheck Ttotal Status Flags
r-devel-linux-x86_64-debian-clang 3.0 20.63 202.87 223.50 OK
r-devel-linux-x86_64-debian-gcc 3.0 21.49 152.22 173.71 OK
r-devel-linux-x86_64-fedora-clang 3.0 256.48 NOTE
r-devel-linux-x86_64-fedora-gcc 3.0 227.82 NOTE
r-devel-windows-ix86+x86_64 3.0 70.00 284.00 354.00 OK
r-devel-windows-x86_64-gcc10-UCRT 3.0 NOTE
r-patched-linux-x86_64 3.0 29.70 192.45 222.15 OK
r-patched-solaris-x86 3.0 392.60 NOTE
r-release-linux-x86_64 3.0 25.37 184.51 209.88 OK
r-release-macos-x86_64 3.0 NOTE
r-release-windows-ix86+x86_64 3.0 41.00 198.00 239.00 OK
r-oldrel-macos-x86_64 3.0 ERROR
r-oldrel-windows-ix86+x86_64 2.1 46.00 196.00 242.00 OK

Check Details

Version: 3.0
Check: dependencies in R code
Result: NOTE
    Namespace in Imports field not imported from: ‘Matrix’
     All declared Imports should be used.
Flavors: r-devel-linux-x86_64-fedora-clang, r-devel-linux-x86_64-fedora-gcc, r-devel-windows-x86_64-gcc10-UCRT, r-patched-solaris-x86, r-release-macos-x86_64

Version: 3.0
Check: whether package can be installed
Result: ERROR
    Installation failed.
Flavor: r-oldrel-macos-x86_64