CRAN Package Check Results for Package gwpcormapper

Last updated on 2024-02-29 11:49:27 CET.

Flavor Version Tinstall Tcheck Ttotal Status Flags
r-devel-linux-x86_64-debian-clang 0.1.3 27.44 83.37 110.81 OK
r-devel-linux-x86_64-debian-gcc 0.1.3 24.13 65.05 89.18 OK
r-devel-linux-x86_64-fedora-clang 0.1.3 153.68 NOTE
r-devel-linux-x86_64-fedora-gcc 0.1.3 154.66 NOTE
r-devel-windows-x86_64 0.1.3 27.00 95.00 122.00 OK
r-patched-linux-x86_64 0.1.3 33.49 83.42 116.91 OK
r-release-linux-x86_64 0.1.3 22.62 82.98 105.60 OK
r-release-macos-arm64 0.1.3 43.00 OK
r-release-macos-x86_64 0.1.3 69.00 OK
r-release-windows-x86_64 0.1.3 36.00 115.00 151.00 OK
r-oldrel-macos-arm64 0.1.3 47.00 NOTE
r-oldrel-windows-x86_64 0.1.3 33.00 121.00 154.00 OK

Check Details

Version: 0.1.3
Check: dependencies in R code
Result: NOTE Namespaces in Imports field not imported from: ‘DT’ ‘attempt’ ‘corpcor’ ‘glue’ ‘htmltools’ ‘pkgload’ ‘processx’ ‘tools’ All declared Imports should be used. Flavors: r-devel-linux-x86_64-fedora-clang, r-devel-linux-x86_64-fedora-gcc, r-oldrel-macos-arm64