Last updated on 2021-02-26 04:48:01 CET.
Flavor | Version | Tinstall | Tcheck | Ttotal | Status | Flags |
---|---|---|---|---|---|---|
r-devel-linux-x86_64-debian-clang | 3.32.0.1 | 26.11 | 143.83 | 169.94 | OK | |
r-devel-linux-x86_64-debian-gcc | 3.32.0.1 | 24.29 | 107.97 | 132.26 | OK | |
r-devel-linux-x86_64-fedora-clang | 3.32.0.1 | 216.39 | NOTE | |||
r-devel-linux-x86_64-fedora-gcc | 3.32.0.1 | 204.58 | OK | |||
r-devel-windows-ix86+x86_64 | 3.32.0.1 | 57.00 | 137.00 | 194.00 | NOTE | |
r-patched-linux-x86_64 | 3.32.0.1 | 26.91 | 132.82 | 159.73 | OK | |
r-patched-solaris-x86 | 3.32.0.1 | 243.90 | NOTE | |||
r-release-linux-x86_64 | 3.32.0.1 | 35.33 | 132.13 | 167.46 | OK | |
r-release-macos-x86_64 | 3.32.0.1 | NOTE | ||||
r-release-windows-ix86+x86_64 | 3.32.0.1 | 77.00 | 186.00 | 263.00 | NOTE | |
r-oldrel-macos-x86_64 | 3.32.0.1 | NOTE | ||||
r-oldrel-windows-ix86+x86_64 | 3.32.0.1 | 46.00 | 169.00 | 215.00 | NOTE |
Version: 3.32.0.1
Check: installed package size
Result: NOTE
installed size is 168.6Mb
sub-directories of 1Mb or more:
R 1.2Mb
java 166.1Mb
Flavors: r-devel-linux-x86_64-fedora-clang, r-devel-windows-ix86+x86_64, r-patched-solaris-x86, r-release-macos-x86_64, r-release-windows-ix86+x86_64, r-oldrel-macos-x86_64, r-oldrel-windows-ix86+x86_64