Last updated on 2023-09-29 01:56:07 CEST.
Flavor | Version | Tinstall | Tcheck | Ttotal | Status | Flags |
---|---|---|---|---|---|---|
r-devel-linux-x86_64-debian-clang | 3.42.0.2 | 33.25 | 205.95 | 239.20 | OK | |
r-devel-linux-x86_64-debian-gcc | 3.42.0.2 | 26.43 | 154.66 | 181.09 | OK | |
r-devel-linux-x86_64-fedora-clang | 3.42.0.2 | 308.40 | NOTE | |||
r-devel-linux-x86_64-fedora-gcc | 3.42.0.2 | 295.39 | OK | |||
r-devel-windows-x86_64 | 3.42.0.2 | 56.00 | 240.00 | 296.00 | NOTE | |
r-patched-linux-x86_64 | 3.42.0.2 | 40.32 | 204.97 | 245.29 | OK | |
r-release-linux-x86_64 | 3.42.0.2 | 34.29 | 206.34 | 240.63 | OK | |
r-release-macos-arm64 | 3.42.0.2 | 143.00 | NOTE | |||
r-release-macos-x86_64 | 3.42.0.2 | 255.00 | NOTE | |||
r-release-windows-x86_64 | 3.42.0.2 | 88.00 | 293.00 | 381.00 | NOTE | |
r-oldrel-macos-arm64 | 3.42.0.2 | 172.00 | NOTE | |||
r-oldrel-macos-x86_64 | 3.42.0.2 | 180.00 | NOTE | |||
r-oldrel-windows-x86_64 | 3.42.0.2 | 79.00 | 213.00 | 292.00 | NOTE |
Version: 3.42.0.2
Check: installed package size
Result: NOTE
installed size is 250.2Mb
sub-directories of 1Mb or more:
R 1.5Mb
help 1.0Mb
java 247.1Mb
Flavors: r-devel-linux-x86_64-fedora-clang, r-devel-windows-x86_64, r-release-macos-arm64, r-release-macos-x86_64, r-release-windows-x86_64, r-oldrel-macos-arm64, r-oldrel-macos-x86_64, r-oldrel-windows-x86_64