CRAN Package Check Results for Package h5

Last updated on 2018-11-18 11:50:50 CET.

Flavor Version Tinstall Tcheck Ttotal Status Flags
r-devel-linux-x86_64-debian-clang 0.9.9 52.07 55.41 107.48 OK
r-devel-linux-x86_64-debian-gcc 0.9.9 43.78 45.02 88.80 OK
r-devel-linux-x86_64-fedora-clang 0.9.9 150.42 OK
r-devel-linux-x86_64-fedora-gcc 0.9.9 134.72 OK
r-devel-windows-ix86+x86_64 0.9.9 146.00 124.00 270.00 NOTE
r-patched-linux-x86_64 0.9.9 54.62 50.22 104.84 OK
r-release-linux-x86_64 0.9.9 51.60 48.65 100.25 OK
r-release-windows-ix86+x86_64 0.9.9 153.00 157.00 310.00 NOTE
r-release-osx-x86_64 0.9.9 ERROR
r-oldrel-windows-ix86+x86_64 0.9.9 155.00 146.00 301.00 NOTE
r-oldrel-osx-x86_64 0.9.9 ERROR

Additional issues

clang-UBSAN gcc-UBSAN

Check Details

Version: 0.9.9
Check: installed package size
Result: NOTE
     installed size is 10.5Mb
     sub-directories of 1Mb or more:
     libs 9.6Mb
Flavors: r-devel-windows-ix86+x86_64, r-release-windows-ix86+x86_64, r-oldrel-windows-ix86+x86_64

Version: 0.9.9
Check: whether package can be installed
Result: ERROR
    Installation failed.
Flavors: r-release-osx-x86_64, r-oldrel-osx-x86_64