CRAN Package Check Results for Package h5

Last updated on 2018-02-23 14:49:26 CET.

Flavor Version Tinstall Tcheck Ttotal Status Flags
r-devel-linux-x86_64-debian-clang 0.9.9 48.96 50.18 99.14 OK
r-devel-linux-x86_64-debian-gcc 0.9.9 39.97 38.49 78.46 OK
r-devel-linux-x86_64-fedora-clang 0.9.9 139.21 OK
r-devel-linux-x86_64-fedora-gcc 0.9.9 127.58 OK
r-devel-windows-ix86+x86_64 0.9.9 159.00 146.00 305.00 NOTE
r-patched-linux-x86_64 0.9.9 46.61 55.21 101.82 OK
r-release-linux-x86_64 0.9.9 48.84 55.08 103.92 OK
r-release-windows-ix86+x86_64 0.9.9 117.00 157.00 274.00 NOTE
r-release-osx-x86_64 0.9.9 ERROR
r-oldrel-windows-ix86+x86_64 0.9.9 113.00 116.00 229.00 NOTE
r-oldrel-osx-x86_64 0.9.9 ERROR

Additional issues

clang-UBSAN gcc-UBSAN

Check Details

Version: 0.9.9
Check: installed package size
Result: NOTE
     installed size is 10.5Mb
     sub-directories of 1Mb or more:
     libs 9.6Mb
Flavors: r-devel-windows-ix86+x86_64, r-release-windows-ix86+x86_64, r-oldrel-windows-ix86+x86_64

Version: 0.9.9
Check: whether package can be installed
Result: ERROR
    Installation failed.
Flavors: r-release-osx-x86_64, r-oldrel-osx-x86_64