CRAN Package Check Results for Package h5

Last updated on 2018-08-20 15:51:40 CEST.

Flavor Version Tinstall Tcheck Ttotal Status Flags
r-devel-linux-x86_64-debian-clang 0.9.9 51.85 53.17 105.02 OK
r-devel-linux-x86_64-debian-gcc 0.9.9 45.44 44.41 89.85 OK
r-devel-linux-x86_64-fedora-clang 0.9.9 142.03 OK
r-devel-linux-x86_64-fedora-gcc 0.9.9 131.91 OK
r-devel-windows-ix86+x86_64 0.9.9 160.00 159.00 319.00 NOTE
r-patched-linux-x86_64 0.9.9 52.11 50.04 102.15 OK
r-release-linux-x86_64 0.9.9 58.13 49.74 107.87 OK
r-release-windows-ix86+x86_64 0.9.9 154.00 157.00 311.00 NOTE
r-release-osx-x86_64 0.9.9 ERROR
r-oldrel-windows-ix86+x86_64 0.9.9 115.00 160.00 275.00 NOTE
r-oldrel-osx-x86_64 0.9.9 ERROR

Additional issues

clang-UBSAN gcc-UBSAN

Check Details

Version: 0.9.9
Check: installed package size
Result: NOTE
     installed size is 10.5Mb
     sub-directories of 1Mb or more:
     libs 9.6Mb
Flavors: r-devel-windows-ix86+x86_64, r-release-windows-ix86+x86_64, r-oldrel-windows-ix86+x86_64

Version: 0.9.9
Check: whether package can be installed
Result: ERROR
    Installation failed.
Flavors: r-release-osx-x86_64, r-oldrel-osx-x86_64