CRAN Package Check Results for Package h5

Last updated on 2019-02-16 18:46:22 CET.

Flavor Version Tinstall Tcheck Ttotal Status Flags
r-devel-linux-x86_64-debian-clang 0.9.9 50.57 56.83 107.40 OK
r-devel-linux-x86_64-debian-gcc 0.9.9 39.14 46.33 85.47 OK
r-devel-linux-x86_64-fedora-clang 0.9.9 157.06 OK
r-devel-linux-x86_64-fedora-gcc 0.9.9 140.22 OK
r-devel-windows-ix86+x86_64 0.9.9 208.00 164.00 372.00 NOTE
r-patched-linux-x86_64 0.9.9 47.53 48.03 95.56 OK
r-release-linux-x86_64 0.9.9 OK
r-release-windows-ix86+x86_64 0.9.9 117.00 122.00 239.00 NOTE
r-release-osx-x86_64 0.9.9 ERROR
r-oldrel-windows-ix86+x86_64 0.9.9 150.00 161.00 311.00 NOTE
r-oldrel-osx-x86_64 0.9.9 ERROR

Additional issues

clang-UBSAN gcc-UBSAN

Check Details

Version: 0.9.9
Check: installed package size
Result: NOTE
     installed size is 10.5Mb
     sub-directories of 1Mb or more:
     libs 9.6Mb
Flavors: r-devel-windows-ix86+x86_64, r-release-windows-ix86+x86_64, r-oldrel-windows-ix86+x86_64

Version: 0.9.9
Check: whether package can be installed
Result: ERROR
    Installation failed.
Flavors: r-release-osx-x86_64, r-oldrel-osx-x86_64