CRAN Package Check Results for Package h5

Last updated on 2018-05-24 12:47:35 CEST.

Flavor Version Tinstall Tcheck Ttotal Status Flags
r-devel-linux-x86_64-debian-clang 0.9.9 50.64 47.34 97.98 OK
r-devel-linux-x86_64-debian-gcc 0.9.9 38.94 41.49 80.43 OK
r-devel-linux-x86_64-fedora-clang 0.9.9 143.48 OK
r-devel-linux-x86_64-fedora-gcc 0.9.9 130.04 OK
r-devel-windows-ix86+x86_64 0.9.9 110.00 123.00 233.00 NOTE
r-patched-linux-x86_64 0.9.9 49.32 48.00 97.32 OK
r-release-linux-x86_64 0.9.9 51.37 48.07 99.44 OK
r-release-windows-ix86+x86_64 0.9.9 158.00 152.00 310.00 NOTE
r-release-osx-x86_64 0.9.9 ERROR
r-oldrel-windows-ix86+x86_64 0.9.9 147.00 155.00 302.00 NOTE
r-oldrel-osx-x86_64 0.9.9 ERROR

Additional issues

clang-UBSAN gcc-UBSAN

Check Details

Version: 0.9.9
Check: installed package size
Result: NOTE
     installed size is 10.5Mb
     sub-directories of 1Mb or more:
     libs 9.6Mb
Flavors: r-devel-windows-ix86+x86_64, r-release-windows-ix86+x86_64, r-oldrel-windows-ix86+x86_64

Version: 0.9.9
Check: whether package can be installed
Result: ERROR
    Installation failed.
Flavors: r-release-osx-x86_64, r-oldrel-osx-x86_64