Last updated on 2021-04-14 08:48:19 CEST.
Flavor | Version | Tinstall | Tcheck | Ttotal | Status | Flags |
---|---|---|---|---|---|---|
r-devel-linux-x86_64-debian-clang | 1.0.2 | 34.10 | 166.46 | 200.56 | NOTE | |
r-devel-linux-x86_64-debian-gcc | 1.0.2 | 31.30 | 123.07 | 154.37 | NOTE | |
r-devel-linux-x86_64-fedora-clang | 1.0.2 | 250.38 | NOTE | |||
r-devel-linux-x86_64-fedora-gcc | 1.0.2 | 239.36 | NOTE | |||
r-devel-windows-ix86+x86_64 | 1.0.2 | 71.00 | 234.00 | 305.00 | NOTE | |
r-devel-windows-x86_64-gcc10-UCRT | 1.0.2 | NOTE | ||||
r-patched-linux-x86_64 | 1.0.2 | 31.88 | 149.58 | 181.46 | NOTE | |
r-patched-solaris-x86 | 1.0.2 | 306.20 | NOTE | |||
r-release-linux-x86_64 | 1.0.2 | 26.48 | 149.16 | 175.64 | NOTE | |
r-release-macos-x86_64 | 1.0.2 | NOTE | ||||
r-release-windows-ix86+x86_64 | 1.0.2 | 69.00 | 263.00 | 332.00 | NOTE | |
r-oldrel-macos-x86_64 | 1.0.2 | NOTE | ||||
r-oldrel-windows-ix86+x86_64 | 1.0.2 | 42.00 | 173.00 | 215.00 | NOTE |
Version: 1.0.2
Check: LazyData
Result: NOTE
'LazyData' is specified without a 'data' directory
Flavors: r-devel-linux-x86_64-debian-clang, r-devel-linux-x86_64-debian-gcc, r-devel-linux-x86_64-fedora-clang, r-devel-linux-x86_64-fedora-gcc, r-devel-windows-ix86+x86_64, r-devel-windows-x86_64-gcc10-UCRT
Version: 1.0.2
Check: for GNU extensions in Makefiles
Result: NOTE
GNU make is a SystemRequirements.
Flavors: r-devel-linux-x86_64-debian-clang, r-devel-linux-x86_64-debian-gcc, r-devel-linux-x86_64-fedora-clang, r-devel-linux-x86_64-fedora-gcc, r-devel-windows-ix86+x86_64, r-devel-windows-x86_64-gcc10-UCRT, r-patched-linux-x86_64, r-patched-solaris-x86, r-release-linux-x86_64, r-release-macos-x86_64, r-release-windows-ix86+x86_64, r-oldrel-macos-x86_64, r-oldrel-windows-ix86+x86_64