CRAN Package Check Results for Package hackeRnews

Last updated on 2021-05-16 23:46:59 CEST.

Flavor Version Tinstall Tcheck Ttotal Status Flags
r-devel-linux-x86_64-debian-clang 0.1.0 2.18 35.25 37.43 NOTE
r-devel-linux-x86_64-debian-gcc 0.1.0 2.11 36.64 38.75 NOTE
r-devel-linux-x86_64-fedora-clang 0.1.0 50.95 NOTE
r-devel-linux-x86_64-fedora-gcc 0.1.0 52.09 NOTE
r-devel-windows-ix86+x86_64 0.1.0 6.00 58.00 64.00 NOTE
r-devel-windows-x86_64-gcc10-UCRT 0.1.0 NOTE
r-patched-linux-x86_64 0.1.0 3.00 32.98 35.98 NOTE
r-patched-solaris-x86 0.1.0 62.10 NOTE
r-release-linux-x86_64 0.1.0 2.62 36.00 38.62 OK
r-release-macos-x86_64 0.1.0 OK
r-release-windows-ix86+x86_64 0.1.0 5.00 97.00 102.00 OK
r-oldrel-macos-x86_64 0.1.0 OK
r-oldrel-windows-ix86+x86_64 0.1.0 4.00 65.00 69.00 OK

Check Details

Version: 0.1.0
Check: LazyData
Result: NOTE
     'LazyData' is specified without a 'data' directory
Flavors: r-devel-linux-x86_64-debian-clang, r-devel-linux-x86_64-debian-gcc, r-devel-linux-x86_64-fedora-clang, r-devel-linux-x86_64-fedora-gcc, r-devel-windows-ix86+x86_64, r-devel-windows-x86_64-gcc10-UCRT, r-patched-linux-x86_64, r-patched-solaris-x86