CRAN Package Check Results for Package hackeRnews

Last updated on 2024-06-22 03:49:32 CEST.

Flavor Version Tinstall Tcheck Ttotal Status Flags
r-devel-linux-x86_64-debian-clang 0.1.0 2.95 42.45 45.40 NOTE
r-devel-linux-x86_64-debian-gcc 0.1.0 1.88 31.11 32.99 NOTE
r-devel-linux-x86_64-fedora-clang 0.1.0 52.63 NOTE
r-devel-linux-x86_64-fedora-gcc 0.1.0 67.20 NOTE
r-devel-windows-x86_64 0.1.0 5.00 62.00 67.00 NOTE
r-patched-linux-x86_64 0.1.0 3.69 38.08 41.77 NOTE
r-release-linux-x86_64 0.1.0 2.00 39.90 41.90 NOTE
r-release-macos-arm64 0.1.0 44.00 NOTE
r-release-macos-x86_64 0.1.0 166.00 NOTE
r-release-windows-x86_64 0.1.0 4.00 66.00 70.00 NOTE
r-oldrel-macos-arm64 0.1.0 41.00 NOTE
r-oldrel-macos-x86_64 0.1.0 58.00 NOTE
r-oldrel-windows-x86_64 0.1.0 5.00 65.00 70.00 NOTE

Check Details

Version: 0.1.0
Check: LazyData
Result: NOTE 'LazyData' is specified without a 'data' directory Flavors: r-devel-linux-x86_64-debian-clang, r-devel-linux-x86_64-debian-gcc, r-devel-linux-x86_64-fedora-clang, r-devel-linux-x86_64-fedora-gcc, r-devel-windows-x86_64, r-patched-linux-x86_64, r-release-linux-x86_64, r-release-macos-arm64, r-release-macos-x86_64, r-release-windows-x86_64, r-oldrel-macos-arm64, r-oldrel-macos-x86_64, r-oldrel-windows-x86_64