CRAN Package Check Results for Package hahmmr

Last updated on 2024-02-25 15:51:21 CET.

Flavor Version Tinstall Tcheck Ttotal Status Flags
r-devel-linux-x86_64-debian-clang 1.0.0 88.03 95.08 183.11 OK
r-devel-linux-x86_64-debian-gcc 1.0.0 64.09 71.86 135.95 OK
r-devel-linux-x86_64-fedora-clang 1.0.0 252.82 OK
r-devel-linux-x86_64-fedora-gcc 1.0.0 259.55 OK
r-devel-windows-x86_64 1.0.0 68.00 113.00 181.00 OK
r-patched-linux-x86_64 1.0.0 78.26 90.77 169.03 OK
r-release-linux-x86_64 1.0.0 60.06 89.58 149.64 OK
r-release-macos-arm64 1.0.0 67.00 NOTE
r-release-macos-x86_64 1.0.0 100.00 NOTE
r-release-windows-x86_64 1.0.0 90.00 139.00 229.00 OK
r-oldrel-macos-arm64 1.0.0 69.00 NOTE
r-oldrel-windows-x86_64 1.0.0 85.00 128.00 213.00 OK

Check Details

Version: 1.0.0
Check: installed package size
Result: NOTE installed size is 5.7Mb sub-directories of 1Mb or more: data 3.0Mb libs 2.5Mb Flavors: r-release-macos-arm64, r-release-macos-x86_64, r-oldrel-macos-arm64