CRAN Package Check Results for Package hansard

Last updated on 2018-08-21 12:50:30 CEST.

Flavor Version Tinstall Tcheck Ttotal Status Flags
r-devel-linux-x86_64-debian-clang 0.6.0 7.45 99.75 107.20 OK
r-devel-linux-x86_64-debian-gcc 0.6.0 5.40 78.49 83.89 OK
r-devel-linux-x86_64-fedora-clang 0.6.0 124.86 OK
r-devel-linux-x86_64-fedora-gcc 0.6.0 115.69 OK
r-devel-windows-ix86+x86_64 0.6.0 19.00 172.00 191.00 OK
r-patched-linux-x86_64 0.6.0 5.89 85.38 91.27 OK
r-patched-solaris-x86 0.6.0 155.50 OK
r-release-linux-x86_64 0.6.0 6.70 85.11 91.81 OK
r-release-windows-ix86+x86_64 0.6.0 16.00 158.00 174.00 WARN
r-release-osx-x86_64 0.6.0 OK
r-oldrel-windows-ix86+x86_64 0.6.0 8.00 173.00 181.00 OK
r-oldrel-osx-x86_64 0.6.0 OK

Check Details

Version: 0.6.0
Check: re-building of vignette outputs
Result: WARN
    Error in re-building vignettes:
     ...
    Quitting from lines 79-81 (introduction.Rmd)
    Error: processing vignette 'introduction.Rmd' failed with diagnostics:
    HTTP error 524.
    Execution halted
Flavor: r-release-windows-ix86+x86_64