CRAN Package Check Results for Package hansard

Last updated on 2018-11-18 11:50:50 CET.

Flavor Version Tinstall Tcheck Ttotal Status Flags
r-devel-linux-x86_64-debian-clang 0.6.0 6.52 89.71 96.23 OK
r-devel-linux-x86_64-debian-gcc 0.6.0 5.42 71.45 76.87 OK
r-devel-linux-x86_64-fedora-clang 0.6.0 110.51 OK
r-devel-linux-x86_64-fedora-gcc 0.6.0 105.31 OK
r-devel-windows-ix86+x86_64 0.6.0 16.00 129.00 145.00 OK
r-patched-linux-x86_64 0.6.0 6.82 84.84 91.66 OK
r-patched-solaris-x86 0.6.0 158.10 OK
r-release-linux-x86_64 0.6.0 7.72 85.14 92.86 OK
r-release-windows-ix86+x86_64 0.6.0 18.00 159.00 177.00 OK
r-release-osx-x86_64 0.6.0 OK
r-oldrel-windows-ix86+x86_64 0.6.0 7.00 374.00 381.00 ERROR
r-oldrel-osx-x86_64 0.6.0 OK

Check Details

Version: 0.6.0
Check: tests
Result: ERROR
     Running 'testthat-all1q.R' [2s]
     Running 'testthat-all2q.R' [201s]
    Running the tests in 'tests/testthat-all2q.R' failed.
    Complete output:
     > library(testthat)
     > library(hansard)
     >
     > test_check("hansard", filter= "2all")
     -- 1. Error: all_answered_questions return expected format (@test_2all_answered_
     HTTP error 524.
     1: hansard_all_answered_questions(house = "lords", answering_body = 60, start_date = "2017-03-01",
     end_date = "2017-03-20", verbose = TRUE) at testthat/test_2all_answered_questions.R:7
     2: loop_query(query, jpage, verbose)
     3: jsonlite::fromJSON(paste0(query, seq_list[[i]]), flatten = TRUE)
     4: fromJSON_string(txt = txt, simplifyVector = simplifyVector, simplifyDataFrame = simplifyDataFrame,
     simplifyMatrix = simplifyMatrix, flatten = flatten, ...)
     5: parseJSON(txt, bigint_as_char)
     6: parse_con(txt, bigint_as_char)
     7: open(con, "rb")
     8: open.connection(con, "rb")
    
     == testthat results ===========================================================
     OK: 0 SKIPPED: 0 FAILED: 1
     1. Error: all_answered_questions return expected format (@test_2all_answered_questions.R#7)
    
     Error: testthat unit tests failed
     Execution halted
Flavor: r-oldrel-windows-ix86+x86_64

Version: 0.6.0
Check: re-building of vignette outputs
Result: WARN
    Error in re-building vignettes:
     ...
    Quitting from lines 68-73 (introduction.Rmd)
    Error: processing vignette 'introduction.Rmd' failed with diagnostics:
    HTTP error 524.
    Execution halted
Flavor: r-oldrel-windows-ix86+x86_64