CRAN Package Check Results for Package haploR

Last updated on 2018-11-17 15:47:26 CET.

Flavor Version Tinstall Tcheck Ttotal Status Flags
r-devel-linux-x86_64-debian-clang 2.0.6 2.76 50.06 52.82 OK
r-devel-linux-x86_64-debian-gcc 2.0.6 2.30 39.50 41.80 OK
r-devel-linux-x86_64-fedora-clang 2.0.6 66.09 OK
r-devel-linux-x86_64-fedora-gcc 2.0.6 58.13 OK
r-devel-windows-ix86+x86_64 2.0.6 10.00 110.00 120.00 OK
r-patched-linux-x86_64 2.0.6 2.64 49.54 52.18 OK
r-patched-solaris-x86 2.0.6 87.00 WARN
r-release-linux-x86_64 2.0.6 2.89 48.72 51.61 OK
r-release-windows-ix86+x86_64 2.0.6 7.00 81.00 88.00 OK
r-release-osx-x86_64 2.0.6 WARN
r-oldrel-windows-ix86+x86_64 2.0.6 7.00 113.00 120.00 OK
r-oldrel-osx-x86_64 2.0.6 WARN

Check Details

Version: 2.0.6
Check: re-building of vignette outputs
Result: WARN
    Error in re-building vignettes:
     ...
    Warning in engine$weave(file, quiet = quiet, encoding = enc) :
     Pandoc (>= 1.12.3) and/or pandoc-citeproc not available. Falling back to R Markdown v1.
    Quitting from lines 335-344 (haplor-vignette.Rmd)
    Error: processing vignette 'haplor-vignette.Rmd' failed with diagnostics:
    there is no package called 'webshot'
    Execution halted
Flavor: r-patched-solaris-x86

Version: 2.0.6
Check: re-building of vignette outputs
Result: WARN
    Error in re-building vignettes:
     ...
    Warning in engine$weave(file, quiet = quiet, encoding = enc) :
     Pandoc (>= 1.12.3) and/or pandoc-citeproc not available. Falling back to R Markdown v1.
    PhantomJS not found. You can install it with webshot::install_phantomjs(). If it is installed, please make sure the phantomjs executable can be found via the PATH variable.
    Quitting from lines 335-344 (haplor-vignette.Rmd)
    Error: processing vignette 'haplor-vignette.Rmd' failed with diagnostics:
    cannot open the connection
    Execution halted
Flavors: r-release-osx-x86_64, r-oldrel-osx-x86_64