CRAN Package Check Results for Package haploR

Last updated on 2018-08-19 07:47:22 CEST.

Flavor Version Tinstall Tcheck Ttotal Status Flags
r-devel-linux-x86_64-debian-clang 2.0.5 2.87 55.52 58.39 OK
r-devel-linux-x86_64-debian-gcc 2.0.6 2.42 44.02 46.44 OK
r-devel-linux-x86_64-fedora-clang 2.0.6 65.98 OK
r-devel-linux-x86_64-fedora-gcc 2.0.6 51.82 OK
r-devel-windows-ix86+x86_64 2.0.6 9.00 100.00 109.00 OK
r-patched-linux-x86_64 2.0.6 2.09 49.09 51.18 OK
r-patched-solaris-x86 2.0.6 74.90 WARN
r-release-linux-x86_64 2.0.6 2.61 49.40 52.01 OK
r-release-windows-ix86+x86_64 2.0.6 9.00 102.00 111.00 OK
r-release-osx-x86_64 2.0.6 WARN
r-oldrel-windows-ix86+x86_64 2.0.6 6.00 93.00 99.00 OK
r-oldrel-osx-x86_64 2.0.6 WARN

Check Details

Version: 2.0.6
Check: re-building of vignette outputs
Result: WARN
    Error in re-building vignettes:
     ...
    Warning in engine$weave(file, quiet = quiet, encoding = enc) :
     Pandoc (>= 1.12.3) and/or pandoc-citeproc not available. Falling back to R Markdown v1.
    Quitting from lines 165-168 (haplor-vignette.Rmd)
    Error: processing vignette 'haplor-vignette.Rmd' failed with diagnostics:
    undefined columns selected
    Execution halted
Flavor: r-patched-solaris-x86

Version: 2.0.6
Check: re-building of vignette outputs
Result: WARN
    Error in re-building vignettes:
     ...
    Warning in engine$weave(file, quiet = quiet, encoding = enc) :
     Pandoc (>= 1.12.3) and/or pandoc-citeproc not available. Falling back to R Markdown v1.
    PhantomJS not found. You can install it with webshot::install_phantomjs(). If it is installed, please make sure the phantomjs executable can be found via the PATH variable.
    Quitting from lines 335-344 (haplor-vignette.Rmd)
    Error: processing vignette 'haplor-vignette.Rmd' failed with diagnostics:
    cannot open the connection
    Execution halted
Flavors: r-release-osx-x86_64, r-oldrel-osx-x86_64