CRAN Package Check Results for Package haploR

Last updated on 2018-05-26 16:47:47 CEST.

Flavor Version Tinstall Tcheck Ttotal Status Flags
r-devel-linux-x86_64-debian-clang 1.6.4 2.92 44.88 47.80 OK
r-devel-linux-x86_64-debian-gcc 1.6.4 2.20 35.17 37.37 OK
r-devel-linux-x86_64-fedora-clang 1.6.4 56.93 OK
r-devel-linux-x86_64-fedora-gcc 1.6.4 54.48 OK
r-devel-windows-ix86+x86_64 1.6.4 8.00 83.00 91.00 OK
r-patched-linux-x86_64 1.6.4 2.05 39.82 41.87 NOTE
r-patched-solaris-x86 1.6.4 74.80 OK
r-release-linux-x86_64 1.6.4 1.86 40.34 42.20 NOTE
r-release-windows-ix86+x86_64 1.6.4 5.00 58.00 63.00 OK
r-release-osx-x86_64 1.6.4 OK
r-oldrel-windows-ix86+x86_64 1.6.2 8.00 64.00 72.00 OK
r-oldrel-osx-x86_64 1.6.2 OK

Check Details

Version: 1.6.4
Check: DESCRIPTION meta-information
Result: NOTE
    Dependence on R version ‘3.3.2’ not with patchlevel 0
Flavors: r-patched-linux-x86_64, r-release-linux-x86_64