CRAN Package Check Results for Package haploReconstruct

Last updated on 2018-05-21 07:47:12 CEST.

Flavor Version Tinstall Tcheck Ttotal Status Flags
r-devel-linux-x86_64-debian-clang 0.1.2 8.52 44.71 53.23 OK
r-devel-linux-x86_64-debian-gcc 0.1.2 7.90 41.36 49.26 OK
r-devel-linux-x86_64-fedora-clang 0.1.2 75.88 NOTE
r-devel-linux-x86_64-fedora-gcc 0.1.2 75.64 NOTE
r-devel-windows-ix86+x86_64 0.1.2 13.00 65.00 78.00 NOTE
r-patched-linux-x86_64 0.1.2 10.32 49.34 59.66 OK
r-patched-solaris-x86 0.1.2 111.30 NOTE
r-release-linux-x86_64 0.1.2 9.43 48.63 58.06 OK
r-release-windows-ix86+x86_64 0.1.2 19.00 88.00 107.00 NOTE
r-release-osx-x86_64 0.1.2 NOTE
r-oldrel-windows-ix86+x86_64 0.1.2 12.00 72.00 84.00 NOTE
r-oldrel-osx-x86_64 0.1.2 NOTE

Check Details

Version: 0.1.2
Check: installed package size
Result: NOTE
     installed size is 9.8Mb
     sub-directories of 1Mb or more:
     data 9.4Mb
Flavors: r-devel-linux-x86_64-fedora-clang, r-devel-linux-x86_64-fedora-gcc, r-devel-windows-ix86+x86_64, r-patched-solaris-x86, r-release-windows-ix86+x86_64, r-release-osx-x86_64, r-oldrel-windows-ix86+x86_64, r-oldrel-osx-x86_64