CRAN Package Check Results for Package haploReconstruct

Last updated on 2019-02-21 07:48:37 CET.

Flavor Version Tinstall Tcheck Ttotal Status Flags
r-devel-linux-x86_64-debian-clang 0.1.2 10.12 69.26 79.38 OK
r-devel-linux-x86_64-debian-gcc 0.1.2 8.64 154.11 162.75 OK
r-devel-linux-x86_64-fedora-clang 0.1.2 79.01 NOTE
r-devel-linux-x86_64-fedora-gcc 0.1.2 76.60 OK
r-devel-windows-ix86+x86_64 0.1.2 19.00 64.00 83.00 NOTE
r-patched-linux-x86_64 0.1.2 OK
r-patched-solaris-x86 0.1.2 115.10 NOTE
r-release-linux-x86_64 0.1.2 OK
r-release-windows-ix86+x86_64 0.1.2 14.00 90.00 104.00 NOTE
r-release-osx-x86_64 0.1.2 NOTE
r-oldrel-windows-ix86+x86_64 0.1.2 13.00 95.00 108.00 NOTE
r-oldrel-osx-x86_64 0.1.2 NOTE

Check Details

Version: 0.1.2
Check: installed package size
Result: NOTE
     installed size is 9.8Mb
     sub-directories of 1Mb or more:
     data 9.4Mb
Flavors: r-devel-linux-x86_64-fedora-clang, r-devel-windows-ix86+x86_64, r-patched-solaris-x86, r-release-windows-ix86+x86_64, r-release-osx-x86_64, r-oldrel-windows-ix86+x86_64, r-oldrel-osx-x86_64