CRAN Package Check Results for Package haploReconstruct

Last updated on 2018-08-21 12:50:30 CEST.

Flavor Version Tinstall Tcheck Ttotal Status Flags
r-devel-linux-x86_64-debian-clang 0.1.2 10.37 53.37 63.74 OK
r-devel-linux-x86_64-debian-gcc 0.1.2 7.41 44.16 51.57 OK
r-devel-linux-x86_64-fedora-clang 0.1.2 75.71 NOTE
r-devel-linux-x86_64-fedora-gcc 0.1.2 70.98 OK
r-devel-windows-ix86+x86_64 0.1.2 18.00 89.00 107.00 NOTE
r-patched-linux-x86_64 0.1.2 10.61 50.15 60.76 OK
r-patched-solaris-x86 0.1.2 114.00 NOTE
r-release-linux-x86_64 0.1.2 9.83 50.13 59.96 OK
r-release-windows-ix86+x86_64 0.1.2 18.00 66.00 84.00 NOTE
r-release-osx-x86_64 0.1.2 NOTE
r-oldrel-windows-ix86+x86_64 0.1.2 13.00 91.00 104.00 NOTE
r-oldrel-osx-x86_64 0.1.2 NOTE

Check Details

Version: 0.1.2
Check: installed package size
Result: NOTE
     installed size is 9.8Mb
     sub-directories of 1Mb or more:
     data 9.4Mb
Flavors: r-devel-linux-x86_64-fedora-clang, r-devel-windows-ix86+x86_64, r-patched-solaris-x86, r-release-windows-ix86+x86_64, r-release-osx-x86_64, r-oldrel-windows-ix86+x86_64, r-oldrel-osx-x86_64