CRAN Package Check Results for Package haploReconstruct

Last updated on 2018-02-24 06:47:27 CET.

Flavor Version Tinstall Tcheck Ttotal Status Flags
r-devel-linux-x86_64-debian-clang 0.1.2 8.12 50.24 58.36 OK
r-devel-linux-x86_64-debian-gcc 0.1.2 8.49 39.93 48.42 OK
r-devel-linux-x86_64-fedora-clang 0.1.2 71.11 NOTE
r-devel-linux-x86_64-fedora-gcc 0.1.2 68.57 NOTE
r-devel-windows-ix86+x86_64 0.1.2 18.00 79.00 97.00 NOTE
r-patched-linux-x86_64 0.1.2 7.78 54.63 62.41 OK
r-patched-solaris-x86 0.1.2 99.50 NOTE
r-release-linux-x86_64 0.1.2 6.32 52.48 58.80 OK
r-release-windows-ix86+x86_64 0.1.2 18.00 92.00 110.00 NOTE
r-release-osx-x86_64 0.1.2 NOTE
r-oldrel-windows-ix86+x86_64 0.1.2 11.00 80.00 91.00 NOTE
r-oldrel-osx-x86_64 0.1.2 NOTE

Check Details

Version: 0.1.2
Check: installed package size
Result: NOTE
     installed size is 9.8Mb
     sub-directories of 1Mb or more:
     data 9.4Mb
Flavors: r-devel-linux-x86_64-fedora-clang, r-devel-linux-x86_64-fedora-gcc, r-devel-windows-ix86+x86_64, r-patched-solaris-x86, r-release-windows-ix86+x86_64, r-release-osx-x86_64, r-oldrel-windows-ix86+x86_64, r-oldrel-osx-x86_64