CRAN Package Check Results for Package haploReconstruct

Last updated on 2018-11-21 16:48:21 CET.

Flavor Version Tinstall Tcheck Ttotal Status Flags
r-devel-linux-x86_64-debian-clang 0.1.2 8.32 53.77 62.09 OK
r-devel-linux-x86_64-debian-gcc 0.1.2 8.07 41.44 49.51 OK
r-devel-linux-x86_64-fedora-clang 0.1.2 70.97 NOTE
r-devel-linux-x86_64-fedora-gcc 0.1.2 69.46 OK
r-devel-windows-ix86+x86_64 0.1.2 20.00 97.00 117.00 NOTE
r-patched-linux-x86_64 0.1.2 7.87 50.43 58.30 OK
r-patched-solaris-x86 0.1.2 112.70 NOTE
r-release-linux-x86_64 0.1.2 7.71 49.48 57.19 OK
r-release-windows-ix86+x86_64 0.1.2 14.00 91.00 105.00 NOTE
r-release-osx-x86_64 0.1.2 NOTE
r-oldrel-windows-ix86+x86_64 0.1.2 16.00 95.00 111.00 NOTE
r-oldrel-osx-x86_64 0.1.2 NOTE

Check Details

Version: 0.1.2
Check: installed package size
Result: NOTE
     installed size is 9.8Mb
     sub-directories of 1Mb or more:
     data 9.4Mb
Flavors: r-devel-linux-x86_64-fedora-clang, r-devel-windows-ix86+x86_64, r-patched-solaris-x86, r-release-windows-ix86+x86_64, r-release-osx-x86_64, r-oldrel-windows-ix86+x86_64, r-oldrel-osx-x86_64