CRAN Package Check Results for Package haplotyper

Last updated on 2024-06-13 14:49:01 CEST.

Flavor Version Tinstall Tcheck Ttotal Status Flags
r-devel-linux-x86_64-debian-clang 0.1 1.99 62.11 64.10 OK
r-devel-linux-x86_64-debian-gcc 0.1 1.60 41.84 43.44 NOTE
r-devel-linux-x86_64-fedora-clang 0.1 77.13 OK
r-devel-linux-x86_64-fedora-gcc 0.1 87.86 OK
r-devel-windows-x86_64 0.1 3.00 59.00 62.00 OK
r-patched-linux-x86_64 0.1 2.14 57.47 59.61 OK
r-release-linux-x86_64 0.1 1.86 57.73 59.59 OK
r-release-macos-arm64 0.1 27.00 OK
r-release-macos-x86_64 0.1 44.00 OK
r-release-windows-x86_64 0.1 3.00 100.00 103.00 OK
r-oldrel-macos-arm64 0.1 28.00 OK
r-oldrel-macos-x86_64 0.1 47.00 OK
r-oldrel-windows-x86_64 0.1 3.00 67.00 70.00 OK

Check Details

Version: 0.1
Check: package dependencies
Result: NOTE Package suggested but not available for checking: ‘testthat’ Flavor: r-devel-linux-x86_64-debian-gcc