CRAN Package Check Results for Package happybiRthday

Last updated on 2018-08-16 22:50:32 CEST.

Flavor Version Tinstall Tcheck Ttotal Status Flags
r-devel-linux-x86_64-debian-clang 0.0.1 3.91 44.67 48.58 OK
r-devel-linux-x86_64-debian-gcc 0.0.1 3.03 35.81 38.84 ERROR
r-devel-linux-x86_64-fedora-clang 0.0.1 55.99 OK
r-devel-linux-x86_64-fedora-gcc 0.0.1 50.42 OK
r-devel-windows-ix86+x86_64 0.0.1 13.00 82.00 95.00 OK
r-patched-linux-x86_64 0.0.1 2.83 36.50 39.33 NOTE
r-patched-solaris-x86 0.0.1 75.20 OK
r-release-linux-x86_64 0.0.1 2.94 36.46 39.40 NOTE
r-release-windows-ix86+x86_64 0.0.1 11.00 70.00 81.00 OK
r-release-osx-x86_64 0.0.1 OK
r-oldrel-windows-ix86+x86_64 0.0.1 11.00 63.00 74.00 OK
r-oldrel-osx-x86_64 0.0.1 OK

Check Details

Version: 0.0.1
Check: examples
Result: ERROR
    Running examples in ‘happybiRthday-Ex.R’ failed
    The error most likely occurred in:
    
    > base::assign(".ptime", proc.time(), pos = "CheckExEnv")
    > ### Name: celebrate
    > ### Title: Celebrating software birthdays
    > ### Aliases: celebrate
    >
    > ### ** Examples
    >
    > celebrate("Bohdan-Khomtchouk")
    Error in gh::gh("/users/:username/repos", username = github_username, :
     GitHub API error (403): 403 Forbidden
     API rate limit exceeded for 137.208.57.142. (But here's the good news: Authenticated requests get a higher rate limit. Check out the documentation for more details.)
    Calls: celebrate -> <Anonymous> -> gh_process_response
    Execution halted
Flavor: r-devel-linux-x86_64-debian-gcc

Version: 0.0.1
Check: DESCRIPTION meta-information
Result: NOTE
    Dependence on R version ‘3.3.3’ not with patchlevel 0
Flavors: r-patched-linux-x86_64, r-release-linux-x86_64