CRAN Package Check Results for Package happybiRthday

Last updated on 2018-10-19 22:49:41 CEST.

Flavor Version Tinstall Tcheck Ttotal Status Flags
r-devel-linux-x86_64-debian-clang 0.0.1 3.93 44.81 48.74 OK
r-devel-linux-x86_64-debian-gcc 0.0.1 2.95 34.58 37.53 ERROR
r-devel-linux-x86_64-fedora-clang 0.0.1 56.80 OK
r-devel-linux-x86_64-fedora-gcc 0.0.1 56.14 OK
r-devel-windows-ix86+x86_64 0.0.1 12.00 88.00 100.00 OK
r-patched-linux-x86_64 0.0.1 2.24 37.55 39.79 NOTE
r-patched-solaris-x86 0.0.1 73.30 OK
r-release-linux-x86_64 0.0.1 2.75 37.03 39.78 NOTE
r-release-windows-ix86+x86_64 0.0.1 12.00 80.00 92.00 OK
r-release-osx-x86_64 0.0.1 OK
r-oldrel-windows-ix86+x86_64 0.0.1 8.00 83.00 91.00 OK
r-oldrel-osx-x86_64 0.0.1 OK

Check Details

Version: 0.0.1
Check: examples
Result: ERROR
    Running examples in ‘happybiRthday-Ex.R’ failed
    The error most likely occurred in:
    
    > base::assign(".ptime", proc.time(), pos = "CheckExEnv")
    > ### Name: celebrate
    > ### Title: Celebrating software birthdays
    > ### Aliases: celebrate
    >
    > ### ** Examples
    >
    > celebrate("Bohdan-Khomtchouk")
    Error in gh::gh("/users/:username/repos", username = github_username, :
     GitHub API error (403): 403 Forbidden
     API rate limit exceeded for 137.208.57.142. (But here's the good news: Authenticated requests get a higher rate limit. Check out the documentation for more details.)
    Calls: celebrate -> <Anonymous> -> gh_process_response
    Execution halted
Flavor: r-devel-linux-x86_64-debian-gcc

Version: 0.0.1
Check: DESCRIPTION meta-information
Result: NOTE
    Dependence on R version ‘3.3.3’ not with patchlevel 0
Flavors: r-patched-linux-x86_64, r-release-linux-x86_64