CRAN Package Check Results for Package happybiRthday

Last updated on 2018-02-24 07:49:59 CET.

Flavor Version Tinstall Tcheck Ttotal Status Flags
r-devel-linux-x86_64-debian-clang 0.0.1 2.85 36.29 39.14 NOTE
r-devel-linux-x86_64-debian-gcc 0.0.1 2.22 28.98 31.20 NOTE
r-devel-linux-x86_64-fedora-clang 0.0.1 45.61 NOTE
r-devel-linux-x86_64-fedora-gcc 0.0.1 43.60 NOTE
r-devel-windows-ix86+x86_64 0.0.1 10.00 66.00 76.00 OK
r-patched-linux-x86_64 0.0.1 2.84 39.21 42.05 OK
r-patched-solaris-x86 0.0.1 65.20 OK
r-release-linux-x86_64 0.0.1 1.95 37.67 39.62 OK
r-release-windows-ix86+x86_64 0.0.1 11.00 75.00 86.00 OK
r-release-osx-x86_64 0.0.1 OK
r-oldrel-windows-ix86+x86_64 0.0.1 5.00 56.00 61.00 OK
r-oldrel-osx-x86_64 0.0.1 ERROR

Check Details

Version: 0.0.1
Check: DESCRIPTION meta-information
Result: NOTE
    Dependence on R version ‘3.3.3’ not with patchlevel 0
Flavors: r-devel-linux-x86_64-debian-clang, r-devel-linux-x86_64-debian-gcc, r-devel-linux-x86_64-fedora-clang, r-devel-linux-x86_64-fedora-gcc

Version: 0.0.1
Check: whether package can be installed
Result: ERROR
    Installation failed.
Flavor: r-oldrel-osx-x86_64