CRAN Package Check Results for Package happybiRthday

Last updated on 2019-01-23 20:48:05 CET.

Flavor Version Tinstall Tcheck Ttotal Status Flags
r-devel-linux-x86_64-debian-clang 0.0.1 3.27 41.37 44.64 OK
r-devel-linux-x86_64-debian-gcc 0.0.1 2.56 31.16 33.72 OK
r-devel-linux-x86_64-fedora-clang 0.0.1 52.53 OK
r-devel-linux-x86_64-fedora-gcc 0.0.1 47.67 OK
r-devel-windows-ix86+x86_64 0.0.1 13.00 94.00 107.00 OK
r-patched-linux-x86_64 0.0.1 2.82 37.46 40.28 NOTE
r-patched-solaris-x86 0.0.1 80.50 OK
r-release-linux-x86_64 0.0.1 1.81 37.72 39.53 NOTE
r-release-windows-ix86+x86_64 0.0.1 7.00 77.00 84.00 OK
r-release-osx-x86_64 0.0.1 OK
r-oldrel-windows-ix86+x86_64 0.0.1 11.00 97.00 108.00 OK
r-oldrel-osx-x86_64 0.0.1 OK

Check Details

Version: 0.0.1
Check: DESCRIPTION meta-information
Result: NOTE
    Dependence on R version ‘3.3.3’ not with patchlevel 0
Flavors: r-patched-linux-x86_64, r-release-linux-x86_64