CRAN Package Check Results for Package harvestr

Last updated on 2019-02-21 01:50:45 CET.

Flavor Version Tinstall Tcheck Ttotal Status Flags
r-devel-linux-x86_64-debian-clang 0.7.1 2.35 69.62 71.97 OK
r-devel-linux-x86_64-debian-gcc 0.7.1 1.73 54.97 56.70 OK
r-devel-linux-x86_64-fedora-clang 0.7.1 80.83 OK
r-devel-linux-x86_64-fedora-gcc 0.7.1 79.40 OK
r-devel-windows-ix86+x86_64 0.7.1 6.00 125.00 131.00 OK
r-patched-linux-x86_64 0.7.1 ERROR
r-patched-solaris-x86 0.7.1 170.00 OK
r-release-linux-x86_64 0.7.1 OK
r-release-windows-ix86+x86_64 0.7.1 4.00 125.00 129.00 OK
r-release-osx-x86_64 0.7.1 OK
r-oldrel-windows-ix86+x86_64 0.7.1 4.00 91.00 95.00 OK
r-oldrel-osx-x86_64 0.7.1 OK

Check Details

Version: 0.7.1
Check: tests
Result: ERROR
     Running ‘testthat.R’ [21s/22s]
    Running the tests in ‘tests/testthat.R’ failed.
    Complete output:
     > library(testthat)
     > library(harvestr)
     > foreach::registerDoSEQ()
     > test_check("harvestr")
     ── 1. Failure: caching in reap with long sample (@test-caching.R#76) ──────────
     all(t2[1] <= t1[1]) isn't true.
    
     ══ testthat results ═══════════════════════════════════════════════════════════
     OK: 104 SKIPPED: 5 FAILED: 1
     1. Failure: caching in reap with long sample (@test-caching.R#76)
    
     Error: testthat unit tests failed
     Execution halted
Flavor: r-patched-linux-x86_64