CRAN Package Check Results for Package harvestr

Last updated on 2018-11-18 21:47:24 CET.

Flavor Version Tinstall Tcheck Ttotal Status Flags
r-devel-linux-x86_64-debian-clang 0.7.1 2.15 47.77 49.92 OK --no-tests
r-devel-linux-x86_64-debian-gcc 0.7.1 1.57 39.38 40.95 OK --no-tests
r-devel-linux-x86_64-fedora-clang 0.7.1 80.07 OK
r-devel-linux-x86_64-fedora-gcc 0.7.1 77.62 OK
r-devel-windows-ix86+x86_64 0.7.1 5.00 91.00 96.00 ERROR
r-patched-linux-x86_64 0.7.1 1.99 47.88 49.87 OK --no-tests
r-patched-solaris-x86 0.7.1 170.70 OK
r-release-linux-x86_64 0.7.1 2.08 46.54 48.62 OK --no-tests
r-release-windows-ix86+x86_64 0.7.1 7.00 89.00 96.00 OK
r-release-osx-x86_64 0.7.1 OK
r-oldrel-windows-ix86+x86_64 0.7.1 7.00 100.00 107.00 OK
r-oldrel-osx-x86_64 0.7.1 OK

Check Details

Version: 0.7.1
Check: tests
Result: ERROR
     Running 'testthat.R' [25s]
    Running the tests in 'tests/testthat.R' failed.
    Complete output:
     > library(testthat)
     > library(harvestr)
     > foreach::registerDoSEQ()
     > test_check("harvestr")
     -- 1. Failure: caching in reap with long sample (@test-caching.R#76) ----------
     all(t2[1] <= t1[1]) isn't true.
    
     == testthat results ===========================================================
     OK: 104 SKIPPED: 5 FAILED: 1
     1. Failure: caching in reap with long sample (@test-caching.R#76)
    
     Error: testthat unit tests failed
     Execution halted
Flavor: r-devel-windows-ix86+x86_64