CRAN Package Check Results for Package harvestr

Last updated on 2018-05-26 00:46:38 CEST.

Flavor Version Tinstall Tcheck Ttotal Status Flags
r-devel-linux-x86_64-debian-clang 0.7.1 2.12 48.06 50.18 OK --no-tests
r-devel-linux-x86_64-debian-gcc 0.7.1 1.70 38.26 39.96 OK --no-tests
r-devel-linux-x86_64-fedora-clang 0.7.1 89.39 OK
r-devel-linux-x86_64-fedora-gcc 0.7.1 86.44 OK
r-devel-windows-ix86+x86_64 0.7.1 4.00 94.00 98.00 OK
r-patched-linux-x86_64 0.7.1 1.97 45.58 47.55 OK --no-tests
r-patched-solaris-x86 0.7.1 167.30 OK
r-release-linux-x86_64 0.7.1 2.02 44.74 46.76 OK --no-tests
r-release-windows-ix86+x86_64 0.7.1 6.00 113.00 119.00 ERROR
r-release-osx-x86_64 0.7.1 OK
r-oldrel-windows-ix86+x86_64 0.7.1 5.00 86.00 91.00 ERROR
r-oldrel-osx-x86_64 0.7.1 OK

Check Details

Version: 0.7.1
Check: tests
Result: ERROR
     Running 'testthat.R' [25s]
    Running the tests in 'tests/testthat.R' failed.
    Complete output:
     > library(testthat)
     > library(harvestr)
     > foreach::registerDoSEQ()
     > test_check("harvestr")
     -- 1. Failure: caching in reap with long sample (@test-caching.R#76) ----------
     all(t2[1] <= t1[1]) isn't true.
    
     == testthat results ===========================================================
     OK: 104 SKIPPED: 5 FAILED: 1
     1. Failure: caching in reap with long sample (@test-caching.R#76)
    
     Error: testthat unit tests failed
     Execution halted
Flavors: r-release-windows-ix86+x86_64, r-oldrel-windows-ix86+x86_64