CRAN Package Check Results for Package hash

Last updated on 2024-06-13 01:57:51 CEST.

Flavor Version Tinstall Tcheck Ttotal Status Flags
r-devel-linux-x86_64-debian-clang 2.2.6.3 3.58 40.12 43.70 OK
r-devel-linux-x86_64-debian-gcc 2.2.6.3 2.57 23.47 26.04 ERROR
r-devel-linux-x86_64-fedora-clang 2.2.6.3 54.44 OK
r-devel-linux-x86_64-fedora-gcc 2.2.6.3 51.16 OK
r-devel-windows-x86_64 2.2.6.3 5.00 54.00 59.00 OK
r-patched-linux-x86_64 2.2.6.3 3.53 37.95 41.48 OK
r-release-linux-x86_64 2.2.6.3 2.87 38.63 41.50 OK
r-release-macos-arm64 2.2.6.3 20.00 OK
r-release-macos-x86_64 2.2.6.3 30.00 OK
r-release-windows-x86_64 2.2.6.3 6.00 56.00 62.00 OK
r-oldrel-macos-arm64 2.2.6.3 23.00 OK
r-oldrel-macos-x86_64 2.2.6.3 43.00 OK
r-oldrel-windows-x86_64 2.2.6.3 5.00 59.00 64.00 OK

Check Details

Version: 2.2.6.3
Check: package dependencies
Result: NOTE Package suggested but not available for checking: ‘testthat’ Flavor: r-devel-linux-x86_64-debian-gcc

Version: 2.2.6.3
Check: tests
Result: ERROR Running ‘accessors.R’ [0s/1s] Running ‘clear.R’ [0s/1s] Running ‘has.key.R’ [0s/0s] Running ‘set.R’ [0s/1s] Running the tests in ‘tests/accessors.R’ failed. Complete output: > library(hash) hash-2.2.6.3 provided by Decision Patterns > library(testthat) Error in library(testthat) : there is no package called 'testthat' Execution halted Running the tests in ‘tests/clear.R’ failed. Complete output: > > library(hash) hash-2.2.6.3 provided by Decision Patterns > library( testthat ) Error in library(testthat) : there is no package called 'testthat' Execution halted Flavor: r-devel-linux-x86_64-debian-gcc