CRAN Package Check Results for Package haven

Last updated on 2018-02-20 03:49:42 CET.

Flavor Version Tinstall Tcheck Ttotal Status Flags
r-devel-linux-x86_64-debian-clang 1.1.1 36.50 30.14 66.64 NOTE
r-devel-linux-x86_64-debian-gcc 1.1.1 30.85 26.87 57.72 NOTE
r-devel-linux-x86_64-fedora-clang 1.1.1 95.62 NOTE
r-devel-linux-x86_64-fedora-gcc 1.1.1 86.83 NOTE
r-devel-windows-ix86+x86_64 1.1.1 93.00 71.00 164.00 NOTE
r-patched-linux-x86_64 1.1.1 36.11 38.71 74.82 NOTE
r-patched-solaris-x86 1.1.1 98.30 NOTE
r-release-linux-x86_64 1.1.1 36.38 38.58 74.96 NOTE
r-release-windows-ix86+x86_64 1.1.1 131.00 88.00 219.00 NOTE
r-release-osx-x86_64 1.1.1 NOTE
r-oldrel-windows-ix86+x86_64 1.1.1 128.00 88.00 216.00 NOTE
r-oldrel-osx-x86_64 1.1.0 NOTE

Check Details

Version: 1.1.1
Check: for GNU extensions in Makefiles
Result: NOTE
    GNU make is a SystemRequirements.
Flavors: r-devel-linux-x86_64-debian-clang, r-devel-linux-x86_64-debian-gcc, r-devel-linux-x86_64-fedora-clang, r-devel-linux-x86_64-fedora-gcc, r-devel-windows-ix86+x86_64, r-patched-linux-x86_64, r-patched-solaris-x86, r-release-linux-x86_64, r-release-windows-ix86+x86_64, r-release-osx-x86_64, r-oldrel-windows-ix86+x86_64

Version: 1.1.1
Check: dependencies in R code
Result: NOTE
    Namespace in Imports field not imported from: ‘hms’
     All declared Imports should be used.
Flavors: r-devel-linux-x86_64-fedora-clang, r-devel-linux-x86_64-fedora-gcc, r-patched-solaris-x86, r-release-osx-x86_64

Version: 1.1.0
Check: dependencies in R code
Result: NOTE
    Namespace in Imports field not imported from: ‘hms’
     All declared Imports should be used.
Flavor: r-oldrel-osx-x86_64

Version: 1.1.0
Check: for GNU extensions in Makefiles
Result: NOTE
    GNU make is a SystemRequirements.
Flavor: r-oldrel-osx-x86_64