CRAN Package Check Results for Package haven

Last updated on 2018-05-27 20:49:36 CEST.

Flavor Version Tinstall Tcheck Ttotal Status Flags
r-devel-linux-x86_64-debian-clang 1.1.1 42.07 35.94 78.01 NOTE
r-devel-linux-x86_64-debian-gcc 1.1.1 33.35 28.03 61.38 NOTE
r-devel-linux-x86_64-fedora-clang 1.1.1 99.78 NOTE
r-devel-linux-x86_64-fedora-gcc 1.1.1 87.19 NOTE
r-devel-windows-ix86+x86_64 1.1.1 92.00 80.00 172.00 NOTE
r-patched-linux-x86_64 1.1.1 37.39 32.39 69.78 NOTE
r-patched-solaris-x86 1.1.1 99.10 WARN
r-release-linux-x86_64 1.1.1 38.04 32.82 70.86 NOTE
r-release-windows-ix86+x86_64 1.1.1 126.00 97.00 223.00 NOTE
r-release-osx-x86_64 1.1.1 NOTE
r-oldrel-windows-ix86+x86_64 1.1.1 126.00 72.00 198.00 NOTE
r-oldrel-osx-x86_64 1.1.1 NOTE

Additional issues

gcc8

Check Details

Version: 1.1.1
Check: for GNU extensions in Makefiles
Result: NOTE
    GNU make is a SystemRequirements.
Flavors: r-devel-linux-x86_64-debian-clang, r-devel-linux-x86_64-debian-gcc, r-devel-linux-x86_64-fedora-clang, r-devel-linux-x86_64-fedora-gcc, r-devel-windows-ix86+x86_64, r-patched-linux-x86_64, r-patched-solaris-x86, r-release-linux-x86_64, r-release-windows-ix86+x86_64, r-release-osx-x86_64, r-oldrel-windows-ix86+x86_64, r-oldrel-osx-x86_64

Version: 1.1.1
Check: dependencies in R code
Result: NOTE
    Namespace in Imports field not imported from: ‘hms’
     All declared Imports should be used.
Flavors: r-devel-linux-x86_64-fedora-clang, r-devel-linux-x86_64-fedora-gcc, r-patched-solaris-x86, r-release-osx-x86_64, r-oldrel-osx-x86_64

Version: 1.1.1
Check: whether package can be installed
Result: WARN
    Found the following significant warnings:
     readstat/readstat_convert.c:16:42: warning: passing argument 2 of ‘libiconv’ from incompatible pointer type [-Wincompatible-pointer-types]
     src/spss/readstat_sav_parse.rl:89:17: warning: passing argument 2 of ‘libiconv’ from incompatible pointer type [-Wincompatible-pointer-types]
     src/spss/readstat_sav_parse.rl:195:17: warning: passing argument 2 of ‘libiconv’ from incompatible pointer type [-Wincompatible-pointer-types]
Flavor: r-patched-solaris-x86