CRAN Package Check Results for Package haven

Last updated on 2021-03-04 08:49:56 CET.

Flavor Version Tinstall Tcheck Ttotal Status Flags
r-devel-linux-x86_64-debian-clang 2.3.1 52.23 52.15 104.38 NOTE
r-devel-linux-x86_64-debian-gcc 2.3.1 36.88 40.14 77.02 NOTE
r-devel-linux-x86_64-fedora-clang 2.3.1 156.44 NOTE
r-devel-linux-x86_64-fedora-gcc 2.3.1 131.70 NOTE
r-devel-windows-ix86+x86_64 2.3.1 133.00 111.00 244.00 NOTE
r-patched-linux-x86_64 2.3.1 43.51 49.44 92.95 NOTE
r-patched-solaris-x86 2.3.1 144.60 NOTE
r-release-linux-x86_64 2.3.1 45.28 49.95 95.23 NOTE
r-release-macos-x86_64 2.3.1 NOTE
r-release-windows-ix86+x86_64 2.3.1 119.00 79.00 198.00 NOTE
r-oldrel-macos-x86_64 2.3.1 NOTE
r-oldrel-windows-ix86+x86_64 2.3.1 138.00 99.00 237.00 NOTE

Check Details

Version: 2.3.1
Check: for GNU extensions in Makefiles
Result: NOTE
    GNU make is a SystemRequirements.
Flavors: r-devel-linux-x86_64-debian-clang, r-devel-linux-x86_64-debian-gcc, r-devel-linux-x86_64-fedora-clang, r-devel-linux-x86_64-fedora-gcc, r-devel-windows-ix86+x86_64, r-patched-linux-x86_64, r-patched-solaris-x86, r-release-linux-x86_64, r-release-macos-x86_64, r-release-windows-ix86+x86_64, r-oldrel-macos-x86_64, r-oldrel-windows-ix86+x86_64

Version: 2.3.1
Check: Rd cross-references
Result: NOTE
    Undeclared package ‘dplyr’ in Rd xrefs
Flavor: r-devel-linux-x86_64-fedora-clang