Last updated on 2022-05-21 03:55:03 CEST.
Flavor | Version | Tinstall | Tcheck | Ttotal | Status | Flags |
---|---|---|---|---|---|---|
r-devel-linux-x86_64-debian-clang | 1.0.2 | 148.90 | 112.15 | 261.05 | OK | |
r-devel-linux-x86_64-debian-gcc | 1.0.2 | 122.21 | 83.29 | 205.50 | OK | |
r-devel-linux-x86_64-fedora-clang | 1.0.2 | 395.96 | NOTE | |||
r-devel-linux-x86_64-fedora-gcc | 1.0.2 | 353.28 | OK | |||
r-devel-windows-x86_64 | 1.0.2 | 128.00 | 209.00 | 337.00 | OK | |
r-patched-linux-x86_64 | 1.0.2 | 133.84 | 107.48 | 241.32 | OK | |
r-release-linux-x86_64 | 1.0.2 | 128.33 | 107.36 | 235.69 | OK | |
r-release-macos-arm64 | 1.0.2 | 80.00 | NOTE | |||
r-release-macos-x86_64 | 1.0.2 | 128.00 | NOTE | |||
r-release-windows-x86_64 | 1.0.2 | 121.00 | 156.00 | 277.00 | OK | |
r-oldrel-macos-arm64 | 1.0.2 | 83.00 | NOTE | |||
r-oldrel-macos-x86_64 | 1.0.2 | 194.00 | NOTE | |||
r-oldrel-windows-ix86+x86_64 | 1.0.2 | 356.00 | 264.00 | 620.00 | OK |
Version: 1.0.2
Check: installed package size
Result: NOTE
installed size is 9.1Mb
sub-directories of 1Mb or more:
libs 8.6Mb
Flavors: r-devel-linux-x86_64-fedora-clang, r-release-macos-arm64, r-release-macos-x86_64, r-oldrel-macos-arm64, r-oldrel-macos-x86_64