CRAN Package Check Results for Package hazus

Last updated on 2018-05-25 11:47:10 CEST.

Flavor Version Tinstall Tcheck Ttotal Status Flags
r-devel-linux-x86_64-debian-clang 0.1 1.33 26.38 27.71 NOTE
r-devel-linux-x86_64-debian-gcc 0.1 1.17 24.62 25.79 NOTE
r-devel-linux-x86_64-fedora-clang 0.1 39.39 NOTE
r-devel-linux-x86_64-fedora-gcc 0.1 37.46 NOTE
r-devel-windows-ix86+x86_64 0.1 3.00 48.00 51.00 NOTE
r-patched-linux-x86_64 0.1 1.58 28.34 29.92 NOTE
r-patched-solaris-x86 0.1 58.30 NOTE
r-release-linux-x86_64 0.1 1.26 28.36 29.62 NOTE
r-release-windows-ix86+x86_64 0.1 5.00 63.00 68.00 NOTE
r-release-osx-x86_64 0.1 NOTE
r-oldrel-windows-ix86+x86_64 0.1 5.00 45.00 50.00 NOTE
r-oldrel-osx-x86_64 0.1 NOTE

Check Details

Version: 0.1
Check: R code for possible problems
Result: NOTE
    extract_hazus_functions: no visible global function definition for
     ‘data’
    Undefined global functions or variables:
     data
    Consider adding
     importFrom("utils", "data")
    to your NAMESPACE file.
Flavors: r-devel-linux-x86_64-debian-clang, r-devel-linux-x86_64-debian-gcc, r-devel-linux-x86_64-fedora-clang, r-devel-linux-x86_64-fedora-gcc, r-devel-windows-ix86+x86_64, r-patched-linux-x86_64, r-patched-solaris-x86, r-release-linux-x86_64, r-release-windows-ix86+x86_64, r-release-osx-x86_64, r-oldrel-windows-ix86+x86_64, r-oldrel-osx-x86_64