CRAN Package Check Results for Package hazus

Last updated on 2018-02-18 22:47:36 CET.

Flavor Version Tinstall Tcheck Ttotal Status Flags
r-devel-linux-x86_64-debian-clang 0.1 1.51 29.25 30.76 NOTE
r-devel-linux-x86_64-debian-gcc 0.1 1.23 22.72 23.95 NOTE
r-devel-linux-x86_64-fedora-clang 0.1 35.90 NOTE
r-devel-linux-x86_64-fedora-gcc 0.1 34.24 NOTE
r-devel-windows-ix86+x86_64 0.1 2.00 44.00 46.00 NOTE
r-patched-linux-x86_64 0.1 1.26 32.97 34.23 NOTE
r-patched-solaris-x86 0.1 57.60 NOTE
r-release-linux-x86_64 0.1 1.24 33.07 34.31 NOTE
r-release-windows-ix86+x86_64 0.1 5.00 52.00 57.00 NOTE
r-release-osx-x86_64 0.1 NOTE
r-oldrel-windows-ix86+x86_64 0.1 3.00 50.00 53.00 NOTE
r-oldrel-osx-x86_64 0.1 NOTE

Check Details

Version: 0.1
Check: R code for possible problems
Result: NOTE
    extract_hazus_functions: no visible global function definition for
     ‘data’
    Undefined global functions or variables:
     data
    Consider adding
     importFrom("utils", "data")
    to your NAMESPACE file.
Flavors: r-devel-linux-x86_64-debian-clang, r-devel-linux-x86_64-debian-gcc, r-devel-linux-x86_64-fedora-clang, r-devel-linux-x86_64-fedora-gcc, r-devel-windows-ix86+x86_64, r-patched-linux-x86_64, r-patched-solaris-x86, r-release-linux-x86_64, r-release-windows-ix86+x86_64, r-release-osx-x86_64, r-oldrel-windows-ix86+x86_64, r-oldrel-osx-x86_64