CRAN Package Check Results for Package hazus

Last updated on 2019-02-16 13:46:22 CET.

Flavor Version Tinstall Tcheck Ttotal Status Flags
r-devel-linux-x86_64-debian-clang 0.1 1.85 31.50 33.35 NOTE
r-devel-linux-x86_64-debian-gcc 0.1 1.45 25.24 26.69 NOTE
r-devel-linux-x86_64-fedora-clang 0.1 41.52 NOTE
r-devel-linux-x86_64-fedora-gcc 0.1 39.11 NOTE
r-devel-windows-ix86+x86_64 0.1 10.00 67.00 77.00 NOTE
r-patched-linux-x86_64 0.1 1.37 29.57 30.94 NOTE
r-patched-solaris-x86 0.1 61.50 NOTE
r-release-linux-x86_64 0.1 NOTE
r-release-windows-ix86+x86_64 0.1 3.00 49.00 52.00 NOTE
r-release-osx-x86_64 0.1 NOTE
r-oldrel-windows-ix86+x86_64 0.1 5.00 71.00 76.00 NOTE
r-oldrel-osx-x86_64 0.1 NOTE

Check Details

Version: 0.1
Check: R code for possible problems
Result: NOTE
    extract_hazus_functions: no visible global function definition for
     ‘data’
    Undefined global functions or variables:
     data
    Consider adding
     importFrom("utils", "data")
    to your NAMESPACE file.
Flavors: r-devel-linux-x86_64-debian-clang, r-devel-linux-x86_64-debian-gcc, r-devel-linux-x86_64-fedora-clang, r-devel-linux-x86_64-fedora-gcc, r-devel-windows-ix86+x86_64, r-patched-linux-x86_64, r-patched-solaris-x86, r-release-linux-x86_64, r-release-windows-ix86+x86_64, r-release-osx-x86_64, r-oldrel-windows-ix86+x86_64, r-oldrel-osx-x86_64