CRAN Package Check Results for Package hazus

Last updated on 2018-08-19 02:47:49 CEST.

Flavor Version Tinstall Tcheck Ttotal Status Flags
r-devel-linux-x86_64-debian-clang 0.1 1.66 33.04 34.70 NOTE
r-devel-linux-x86_64-debian-gcc 0.1 1.42 27.20 28.62 NOTE
r-devel-linux-x86_64-fedora-clang 0.1 41.26 NOTE
r-devel-linux-x86_64-fedora-gcc 0.1 39.95 NOTE
r-devel-windows-ix86+x86_64 0.1 5.00 78.00 83.00 NOTE
r-patched-linux-x86_64 0.1 1.37 29.97 31.34 NOTE
r-patched-solaris-x86 0.1 61.80 NOTE
r-release-linux-x86_64 0.1 1.59 29.80 31.39 NOTE
r-release-windows-ix86+x86_64 0.1 5.00 65.00 70.00 NOTE
r-release-osx-x86_64 0.1 NOTE
r-oldrel-windows-ix86+x86_64 0.1 4.00 70.00 74.00 NOTE
r-oldrel-osx-x86_64 0.1 NOTE

Check Details

Version: 0.1
Check: R code for possible problems
Result: NOTE
    extract_hazus_functions: no visible global function definition for
     ‘data’
    Undefined global functions or variables:
     data
    Consider adding
     importFrom("utils", "data")
    to your NAMESPACE file.
Flavors: r-devel-linux-x86_64-debian-clang, r-devel-linux-x86_64-debian-gcc, r-devel-linux-x86_64-fedora-clang, r-devel-linux-x86_64-fedora-gcc, r-devel-windows-ix86+x86_64, r-patched-linux-x86_64, r-patched-solaris-x86, r-release-linux-x86_64, r-release-windows-ix86+x86_64, r-release-osx-x86_64, r-oldrel-windows-ix86+x86_64, r-oldrel-osx-x86_64