CRAN Package Check Results for Package hazus

Last updated on 2018-11-17 06:46:43 CET.

Flavor Version Tinstall Tcheck Ttotal Status Flags
r-devel-linux-x86_64-debian-clang 0.1 1.62 31.44 33.06 NOTE
r-devel-linux-x86_64-debian-gcc 0.1 1.28 26.39 27.67 NOTE
r-devel-linux-x86_64-fedora-clang 0.1 41.24 NOTE
r-devel-linux-x86_64-fedora-gcc 0.1 37.10 NOTE
r-devel-windows-ix86+x86_64 0.1 5.00 73.00 78.00 NOTE
r-patched-linux-x86_64 0.1 1.54 30.10 31.64 NOTE
r-patched-solaris-x86 0.1 62.40 NOTE
r-release-linux-x86_64 0.1 1.41 30.07 31.48 NOTE
r-release-windows-ix86+x86_64 0.1 6.00 43.00 49.00 NOTE
r-release-osx-x86_64 0.1 NOTE
r-oldrel-windows-ix86+x86_64 0.1 5.00 49.00 54.00 NOTE
r-oldrel-osx-x86_64 0.1 NOTE

Check Details

Version: 0.1
Check: R code for possible problems
Result: NOTE
    extract_hazus_functions: no visible global function definition for
     ‘data’
    Undefined global functions or variables:
     data
    Consider adding
     importFrom("utils", "data")
    to your NAMESPACE file.
Flavors: r-devel-linux-x86_64-debian-clang, r-devel-linux-x86_64-debian-gcc, r-devel-linux-x86_64-fedora-clang, r-devel-linux-x86_64-fedora-gcc, r-devel-windows-ix86+x86_64, r-patched-linux-x86_64, r-patched-solaris-x86, r-release-linux-x86_64, r-release-windows-ix86+x86_64, r-release-osx-x86_64, r-oldrel-windows-ix86+x86_64, r-oldrel-osx-x86_64