CRAN Package Check Results for Package hddplot

Last updated on 2019-09-15 08:47:19 CEST.

Flavor Version Tinstall Tcheck Ttotal Status Flags
r-devel-linux-x86_64-debian-clang 0.59 9.40 102.25 111.65 OK
r-devel-linux-x86_64-debian-gcc 0.59 9.07 78.67 87.74 OK
r-devel-linux-x86_64-fedora-clang 0.59 140.67 OK
r-devel-linux-x86_64-fedora-gcc 0.59 135.75 OK
r-devel-windows-ix86+x86_64 0.59 26.00 107.00 133.00 OK
r-patched-linux-x86_64 0.59 9.84 101.79 111.63 OK
r-patched-solaris-x86 0.59 188.30 OK
r-release-linux-x86_64 0.59 10.53 100.62 111.15 OK
r-release-windows-ix86+x86_64 0.59 20.00 154.00 174.00 OK
r-release-osx-x86_64 0.59 ERROR
r-oldrel-windows-ix86+x86_64 0.59 15.00 104.00 119.00 OK
r-oldrel-osx-x86_64 0.59 OK

Check Details

Version: 0.59
Check: package dependencies
Result: ERROR
    Package required but not available: ‘multtest’
    
    See section ‘The DESCRIPTION file’ in the ‘Writing R Extensions’
    manual.
Flavor: r-release-osx-x86_64