CRAN Package Check Results for Package hdf5r

Last updated on 2018-02-24 00:47:40 CET.

Flavor Version Tinstall Tcheck Ttotal Status Flags
r-devel-linux-x86_64-debian-clang 1.0.0 45.32 101.29 146.61 OK
r-devel-linux-x86_64-debian-gcc 1.0.0 36.98 77.02 114.00 OK
r-devel-linux-x86_64-fedora-clang 1.0.0 180.82 OK
r-devel-linux-x86_64-fedora-gcc 1.0.0 174.06 OK
r-devel-windows-ix86+x86_64 1.0.0 156.00 204.00 360.00 NOTE
r-patched-linux-x86_64 1.0.0 30.37 108.70 139.07 OK
r-patched-solaris-x86 1.0.0 10.70 ERROR
r-release-linux-x86_64 1.0.0 30.34 107.24 137.58 OK
r-release-windows-ix86+x86_64 1.0.0 90.00 225.00 315.00 NOTE
r-release-osx-x86_64 1.0.0 NOTE
r-oldrel-windows-ix86+x86_64 1.0.0 93.00 150.00 243.00 NOTE
r-oldrel-osx-x86_64 1.0.0 ERROR

Additional issues

clang-UBSAN gcc-UBSAN rchk

Check Details

Version: 1.0.0
Check: installed package size
Result: NOTE
     installed size is 10.8Mb
     sub-directories of 1Mb or more:
     libs 8.3Mb
Flavors: r-devel-windows-ix86+x86_64, r-release-windows-ix86+x86_64, r-release-osx-x86_64, r-oldrel-windows-ix86+x86_64

Version: 1.0.0
Check: whether package can be installed
Result: ERROR
    Installation failed.
Flavors: r-patched-solaris-x86, r-oldrel-osx-x86_64