CRAN Package Check Results for Package hdf5r

Last updated on 2018-05-24 11:49:39 CEST.

Flavor Version Tinstall Tcheck Ttotal Status Flags
r-devel-linux-x86_64-debian-clang 1.0.0 47.71 84.94 132.65 OK
r-devel-linux-x86_64-debian-gcc 1.0.0 38.46 75.29 113.75 OK
r-devel-linux-x86_64-fedora-clang 1.0.0 181.23 OK
r-devel-linux-x86_64-fedora-gcc 1.0.0 163.73 OK
r-devel-windows-ix86+x86_64 1.0.0 109.00 188.00 297.00 NOTE
r-patched-linux-x86_64 1.0.0 41.18 99.15 140.33 OK
r-patched-solaris-x86 1.0.0 9.40 ERROR
r-release-linux-x86_64 1.0.0 47.63 94.72 142.35 OK
r-release-windows-ix86+x86_64 1.0.0 162.00 209.00 371.00 NOTE
r-release-osx-x86_64 1.0.0 NOTE
r-oldrel-windows-ix86+x86_64 1.0.0 162.00 175.00 337.00 NOTE
r-oldrel-osx-x86_64 1.0.0 NOTE

Additional issues

clang-UBSAN gcc-UBSAN rchk

Check Details

Version: 1.0.0
Check: installed package size
Result: NOTE
     installed size is 10.8Mb
     sub-directories of 1Mb or more:
     libs 8.3Mb
Flavors: r-devel-windows-ix86+x86_64, r-release-windows-ix86+x86_64, r-release-osx-x86_64, r-oldrel-windows-ix86+x86_64, r-oldrel-osx-x86_64

Version: 1.0.0
Check: whether package can be installed
Result: ERROR
    Installation failed.
Flavor: r-patched-solaris-x86