CRAN Package Check Results for Package hdlm

Last updated on 2019-09-20 21:46:26 CEST.

Flavor Version Tinstall Tcheck Ttotal Status Flags
r-devel-linux-x86_64-debian-clang 1.3.1 9.78 84.63 94.41 OK
r-devel-linux-x86_64-debian-gcc 1.3.1 8.37 67.01 75.38 OK
r-devel-linux-x86_64-fedora-clang 1.3.1 119.76 NOTE
r-devel-linux-x86_64-fedora-gcc 1.3.1 120.53 NOTE
r-devel-windows-ix86+x86_64 1.3.1 30.00 122.00 152.00 OK
r-patched-linux-x86_64 1.3.1 7.66 83.38 91.04 OK
r-patched-solaris-x86 1.3.1 170.30 OK
r-release-linux-x86_64 1.3.1 9.37 84.27 93.64 OK
r-release-windows-ix86+x86_64 1.3.1 20.00 185.00 205.00 OK
r-release-osx-x86_64 1.3.1 OK
r-oldrel-windows-ix86+x86_64 1.3.1 15.00 125.00 140.00 OK
r-oldrel-osx-x86_64 1.3.1 OK

Check Details

Version: 1.3.1
Check: compiled code
Result: NOTE
    File ‘hdlm/libs/hdlm.so’:
     Found no calls to: ‘R_registerRoutines’, ‘R_useDynamicSymbols’
    
    It is good practice to register native routines and to disable symbol
    search.
    
    See ‘Writing portable packages’ in the ‘Writing R Extensions’ manual.
Flavors: r-devel-linux-x86_64-fedora-clang, r-devel-linux-x86_64-fedora-gcc