CRAN Package Check Results for Package hdm

Last updated on 2017-09-24 16:47:20.

Flavor Version Tinstall Tcheck Ttotal Status Flags
r-devel-linux-x86_64-debian-clang 0.2.0 1.93 57.50 59.43 OK
r-devel-linux-x86_64-debian-gcc 0.2.0 1.67 56.46 58.13 OK
r-devel-linux-x86_64-fedora-clang 0.2.0 117.80 OK
r-devel-linux-x86_64-fedora-gcc 0.2.0 105.25 OK
r-devel-windows-ix86+x86_64 0.2.0 4.00 85.00 89.00 OK
r-patched-linux-x86_64 0.2.0 1.62 53.73 55.35 OK
r-patched-solaris-x86 0.2.0 144.70 OK
r-release-linux-x86_64 0.2.0 1.61 52.59 54.20 OK
r-release-windows-ix86+x86_64 0.2.0 4.00 80.00 84.00 OK
r-release-osx-x86_64 0.2.0 WARN
r-oldrel-windows-ix86+x86_64 0.2.0 4.00 103.00 107.00 OK
r-oldrel-osx-x86_64 0.2.0 OK

Check Details

Version: 0.2.0
Check: re-building of vignette outputs
Result: WARN
    Error in re-building vignettes:
     ...
    Warning: running command 'kpsewhich framed.sty' had status 1
    Warning in test_latex_pkg("framed", system.file("misc", "framed.sty", package = "knitr")) :
     unable to find LaTeX package 'framed'; will use a copy from knitr
    Error in texi2dvi(file = file, pdf = TRUE, clean = clean, quiet = quiet, :
     Running 'texi2dvi' on 'hdm_introduction.tex' failed.
    LaTeX errors:
    ! LaTeX Error: File `soul.sty' not found.
    
    Type X to quit or <RETURN> to proceed,
    or enter new name. (Default extension: sty)
    
    ! Emergency stop.
    <read *>
    
    l.69 \usepackage
     {natbib}^^M
    ! ==> Fatal error occurred, no output PDF file produced!
    Calls: buildVignettes -> texi2pdf -> texi2dvi
    Execution halted
Flavor: r-release-osx-x86_64