CRAN Package Check Results for Package hdm

Last updated on 2017-05-27 12:47:06.

Flavor Version Tinstall Tcheck Ttotal Status Flags
r-devel-linux-x86_64-debian-clang 0.2.0 1.83 59.48 61.31 OK
r-devel-linux-x86_64-debian-gcc 0.2.0 2.07 56.03 58.10 OK
r-devel-linux-x86_64-fedora-clang 0.2.0 112.50 OK
r-devel-linux-x86_64-fedora-gcc 0.2.0 107.66 OK
r-devel-windows-ix86+x86_64 0.2.0 4.00 93.00 97.00 OK
r-patched-linux-x86_64 0.2.0 1.72 59.81 61.53 OK
r-patched-solaris-sparc 0.2.0 667.20 OK
r-patched-solaris-x86 0.2.0 138.50 OK
r-release-linux-x86_64 0.2.0 1.54 57.44 58.98 OK
r-release-windows-ix86+x86_64 0.2.0 3.00 94.00 97.00 OK
r-release-osx-x86_64 0.2.0 WARN
r-oldrel-windows-ix86+x86_64 0.2.0 8.00 94.00 102.00 OK
r-oldrel-osx-x86_64 0.2.0 OK

Check Details

Version: 0.2.0
Check: re-building of vignette outputs
Result: WARN
    Error in re-building vignettes:
     ...
    Warning: running command 'kpsewhich framed.sty' had status 1
    Warning in test_latex_pkg("framed", system.file("misc", "framed.sty", package = "knitr")) :
     unable to find LaTeX package 'framed'; will use a copy from knitr
    Error in texi2dvi(file = file, pdf = TRUE, clean = clean, quiet = quiet, :
     Running 'texi2dvi' on 'hdm_introduction.tex' failed.
    LaTeX errors:
    ! LaTeX Error: File `soul.sty' not found.
    
    Type X to quit or <RETURN> to proceed,
    or enter new name. (Default extension: sty)
    
    ! Emergency stop.
    <read *>
    
    l.69 \usepackage
     {natbib}^^M
    ! ==> Fatal error occurred, no output PDF file produced!
    Calls: buildVignettes -> texi2pdf -> texi2dvi
    Execution halted
Flavor: r-release-osx-x86_64