CRAN Package Check Results for Package hdnom

Last updated on 2018-05-23 13:48:38 CEST.

Flavor Version Tinstall Tcheck Ttotal Status Flags
r-devel-linux-x86_64-debian-clang 5.0 8.15 183.26 191.41 OK
r-devel-linux-x86_64-debian-gcc 5.0 0.45 1.49 1.94 ERROR
r-devel-linux-x86_64-fedora-clang 5.0 223.71 OK
r-devel-linux-x86_64-fedora-gcc 5.0 162.05 OK
r-devel-windows-ix86+x86_64 5.0 18.00 259.00 277.00 OK
r-patched-linux-x86_64 5.0 10.14 172.55 182.69 OK
r-patched-solaris-x86 5.0 320.70 OK
r-release-linux-x86_64 5.0 9.17 167.71 176.88 OK
r-release-windows-ix86+x86_64 5.0 26.00 253.00 279.00 OK
r-release-osx-x86_64 5.0 OK
r-oldrel-windows-ix86+x86_64 5.0 27.00 202.00 229.00 OK
r-oldrel-osx-x86_64 4.9 OK

Check Details

Version: 5.0
Check: package dependencies
Result: ERROR
    Packages required but not available: ‘rms’ ‘ggplot2’
    
    Package suggested but not available for checking: ‘Hmisc’
    
    See section ‘The DESCRIPTION file’ in the ‘Writing R Extensions’
    manual.
Flavor: r-devel-linux-x86_64-debian-gcc