CRAN Package Check Results for Package hdnom

Last updated on 2018-11-17 12:51:25 CET.

Flavor Version Tinstall Tcheck Ttotal Status Flags
r-devel-linux-x86_64-debian-clang 5.0 9.74 184.15 193.89 OK
r-devel-linux-x86_64-debian-gcc 5.0 7.95 140.54 148.49 OK
r-devel-linux-x86_64-fedora-clang 5.0 252.20 OK
r-devel-linux-x86_64-fedora-gcc 5.0 229.38 OK
r-devel-windows-ix86+x86_64 5.0 28.00 284.00 312.00 OK
r-patched-linux-x86_64 5.0 8.21 181.44 189.65 OK
r-patched-solaris-x86 5.0 386.20 OK
r-release-linux-x86_64 5.0 8.65 181.25 189.90 OK
r-release-windows-ix86+x86_64 5.0 26.00 202.00 228.00 WARN
r-release-osx-x86_64 5.0 OK
r-oldrel-windows-ix86+x86_64 5.0 23.00 280.00 303.00 WARN
r-oldrel-osx-x86_64 5.0 OK

Check Details

Version: 5.0
Check: whether package can be installed
Result: WARN
    Found the following significant warnings:
     Warning: S3 methods '[.fun_list', '[.grouped_df', 'all.equal.tbl_df', 'anti_join.data.frame', 'anti_join.tbl_df', 'arrange.data.frame', 'arrange.default', 'arrange.grouped_df', 'arrange.tbl_df', 'arrange_.data.frame', 'arrange_.tbl_df', 'as.data.frame.grouped_df', 'as.data.frame.rowwise_df', 'as.data.frame.tbl_cube', 'as.table.tbl_cube', 'as.tbl.data.frame', 'as.tbl.tbl', 'as.tbl_cube.array', 'as.tbl_cube.data.frame', 'as.tbl_cube.matrix', 'as.tbl_cube.table', 'as_tibble.grouped_df', 'as_tibble.tbl_cube', 'auto_copy.tbl_cube', 'auto_copy.tbl_df', 'cbind.grouped_df', 'collapse.data.frame', 'collect.data.frame', 'common_by.NULL', 'common_by.character', 'common_by.default', 'common_by.list', 'compute.data.frame', 'copy_to.DBIConnection', 'copy_to.src_local', 'default_missing.data.frame', 'default_missing.default', 'dim.tbl_cube', 'distinct.data.frame', 'distinct.default', 'distinct.grouped_df', 'distinct.tbl_df', 'distinct_.data.frame', 'distinct_.grouped_df', 'distinct_.tbl_df', 'do.NULL', 'do.da [... truncated]
Flavors: r-release-windows-ix86+x86_64, r-oldrel-windows-ix86+x86_64