CRAN Package Check Results for Package hdrcde

Last updated on 2025-04-19 03:50:34 CEST.

Flavor Version Tinstall Tcheck Ttotal Status Flags
r-devel-linux-x86_64-debian-clang 3.4 5.91 40.16 46.07 OK
r-devel-linux-x86_64-debian-gcc 3.4 3.94 29.05 32.99 OK
r-devel-linux-x86_64-fedora-clang 3.4 72.28 OK
r-devel-linux-x86_64-fedora-gcc 3.4 67.98 OK
r-devel-windows-x86_64 3.4 11.00 70.00 81.00 NOTE
r-patched-linux-x86_64 3.4 6.03 39.89 45.92 OK
r-release-linux-x86_64 3.4 4.87 39.50 44.37 OK
r-release-macos-arm64 3.4 26.00 OK
r-release-macos-x86_64 3.4 45.00 OK
r-release-windows-x86_64 3.4 10.00 67.00 77.00 NOTE
r-oldrel-macos-arm64 3.4 26.00 OK
r-oldrel-macos-x86_64 3.4 37.00 OK
r-oldrel-windows-x86_64 3.4 12.00 74.00 86.00 NOTE

Check Details

Version: 3.4
Check: C++ specification
Result: NOTE Specified C++11: please drop specification unless essential Flavors: r-devel-windows-x86_64, r-release-windows-x86_64, r-oldrel-windows-x86_64