CRAN Package Check Results for Package hdtg

Last updated on 2022-11-30 20:55:15 CET.

Flavor Version Tinstall Tcheck Ttotal Status Flags
r-devel-linux-x86_64-debian-clang 0.2.0 54.09 38.06 92.15 OK
r-devel-linux-x86_64-debian-gcc 0.2.0 44.30 30.25 74.55 OK
r-devel-linux-x86_64-fedora-clang 0.2.0 146.72 OK
r-devel-linux-x86_64-fedora-gcc 0.2.0 143.30 OK
r-devel-windows-x86_64 0.2.0 57.00 87.00 144.00 OK
r-patched-linux-x86_64 0.2.0 50.38 37.46 87.84 OK
r-release-linux-x86_64 0.2.0 47.24 37.17 84.41 OK
r-release-macos-arm64 0.2.0 39.00 NOTE
r-release-macos-x86_64 0.2.0 52.00 NOTE
r-release-windows-x86_64 0.2.0 57.00 87.00 144.00 OK
r-oldrel-macos-arm64 0.2.0 39.00 NOTE
r-oldrel-macos-x86_64 0.2.0 55.00 NOTE
r-oldrel-windows-ix86+x86_64 0.2.0 128.00 94.00 222.00 OK

Check Details

Version: 0.2.0
Check: installed package size
Result: NOTE
     installed size is 10.2Mb
     sub-directories of 1Mb or more:
     libs 10.1Mb
Flavors: r-release-macos-arm64, r-release-macos-x86_64, r-oldrel-macos-arm64, r-oldrel-macos-x86_64