CRAN Package Check Results for Package healthcareai

Last updated on 2018-05-25 10:48:24 CEST.

Flavor Version Tinstall Tcheck Ttotal Status Flags
r-devel-linux-x86_64-debian-clang 2.0.0 13.23 562.24 575.47 WARN
r-devel-linux-x86_64-debian-gcc 2.0.0 11.48 519.27 530.75 WARN
r-devel-linux-x86_64-fedora-clang 2.0.0 728.97 OK
r-devel-linux-x86_64-fedora-gcc 2.0.0 749.02 OK
r-devel-windows-ix86+x86_64 2.0.0 27.00 521.00 548.00 OK
r-patched-linux-x86_64 2.0.0 10.50 607.34 617.84 OK
r-patched-solaris-x86 2.0.0 2314.50 ERROR
r-release-linux-x86_64 2.0.0 10.31 612.79 623.10 OK
r-release-windows-ix86+x86_64 2.0.0 34.00 651.00 685.00 OK
r-release-osx-x86_64 2.0.0 OK
r-oldrel-windows-ix86+x86_64 2.0.0 29.00 505.00 534.00 OK
r-oldrel-osx-x86_64 2.0.0 OK

Check Details

Version: 2.0.0
Check: for unstated dependencies in ‘tests’
Result: WARN
    'library' or 'require' call not declared from: ‘magrittr’
Flavors: r-devel-linux-x86_64-debian-clang, r-devel-linux-x86_64-debian-gcc

Version: 2.0.0
Check: tests
Result: ERROR
     Running ‘testthat.R’ [33m/16m]
    Running the tests in ‘tests/testthat.R’ failed.
    Complete output:
     > library(testthat)
     > library(healthcareai)
     healthcareai version 2.0.0
     Please visit https://docs.healthcare.ai for full documentation and vignettes. Join the community at https://healthcare-ai.slack.com
     > Sys.setenv("R_TESTS" = "")
     > test_check("healthcareai")
Flavor: r-patched-solaris-x86