CRAN Package Check Results for Package healthfinance

Last updated on 2022-08-08 01:54:35 CEST.

Flavor Version Tinstall Tcheck Ttotal Status Flags
r-devel-linux-x86_64-debian-clang 0.1.0 6.67 76.94 83.61 NOTE
r-devel-linux-x86_64-debian-gcc 0.1.0 6.19 55.08 61.27 NOTE
r-devel-linux-x86_64-fedora-clang 0.1.0 109.46 NOTE
r-devel-linux-x86_64-fedora-gcc 0.1.0 106.37 NOTE
r-devel-windows-x86_64 0.1.0 37.00 94.00 131.00 NOTE
r-patched-linux-x86_64 0.1.0 6.41 69.22 75.63 NOTE
r-release-linux-x86_64 0.1.0 7.45 70.94 78.39 NOTE
r-release-macos-arm64 0.1.0 27.00 NOTE
r-release-macos-x86_64 0.1.0 57.00 NOTE
r-release-windows-x86_64 0.1.0 21.00 93.00 114.00 NOTE
r-oldrel-macos-arm64 0.1.0 36.00 NOTE
r-oldrel-macos-x86_64 0.1.0 49.00 NOTE
r-oldrel-windows-ix86+x86_64 0.1.0 21.00 90.00 111.00 NOTE

Check Details

Version: 0.1.0
Check: LazyData
Result: NOTE
     'LazyData' is specified without a 'data' directory
Flavors: r-devel-linux-x86_64-debian-clang, r-devel-linux-x86_64-debian-gcc, r-devel-linux-x86_64-fedora-clang, r-devel-linux-x86_64-fedora-gcc, r-devel-windows-x86_64, r-patched-linux-x86_64, r-release-linux-x86_64, r-release-macos-arm64, r-release-macos-x86_64, r-release-windows-x86_64, r-oldrel-macos-arm64, r-oldrel-macos-x86_64, r-oldrel-windows-ix86+x86_64