Last updated on 2021-02-27 08:50:35 CET.
Flavor | Version | Tinstall | Tcheck | Ttotal | Status | Flags |
---|---|---|---|---|---|---|
r-devel-linux-x86_64-debian-clang | 0.1.2 | 8.58 | 73.04 | 81.62 | OK | |
r-devel-linux-x86_64-debian-gcc | 0.1.2 | 7.00 | 53.33 | 60.33 | OK | |
r-devel-linux-x86_64-fedora-clang | 0.1.2 | 105.93 | NOTE | |||
r-devel-linux-x86_64-fedora-gcc | 0.1.2 | 95.43 | OK | |||
r-devel-windows-ix86+x86_64 | 0.1.1 | 11.00 | 67.00 | 78.00 | NOTE | |
r-patched-linux-x86_64 | 0.1.1 | 5.38 | 61.89 | 67.27 | OK | |
r-patched-solaris-x86 | 0.1.2 | 138.60 | WARN | |||
r-release-linux-x86_64 | 0.1.2 | 5.17 | 66.59 | 71.76 | OK | |
r-release-macos-x86_64 | 0.1.2 | WARN | ||||
r-release-windows-ix86+x86_64 | 0.1.1 | 17.00 | 103.00 | 120.00 | NOTE | |
r-oldrel-macos-x86_64 | 0.1.2 | WARN | ||||
r-oldrel-windows-ix86+x86_64 | 0.1.1 | 10.00 | 86.00 | 96.00 | NOTE |
Version: 0.1.2
Check: installed package size
Result: NOTE
installed size is 5.7Mb
sub-directories of 1Mb or more:
data 1.5Mb
doc 3.5Mb
Flavors: r-devel-linux-x86_64-fedora-clang, r-patched-solaris-x86, r-release-macos-x86_64, r-oldrel-macos-x86_64
Version: 0.1.1
Check: installed package size
Result: NOTE
installed size is 5.4Mb
sub-directories of 1Mb or more:
data 1.5Mb
doc 3.4Mb
Flavors: r-devel-windows-ix86+x86_64, r-release-windows-ix86+x86_64, r-oldrel-windows-ix86+x86_64
Version: 0.1.2
Check: re-building of vignette outputs
Result: WARN
Error(s) in re-building vignettes:
...
--- re-building ‘getting-started.Rmd’ using rmarkdown
Warning in engine$weave(file, quiet = quiet, encoding = enc) :
Pandoc (>= 1.12.3) and/or pandoc-citeproc not available. Falling back to R Markdown v1.
Quitting from lines 86-93 (getting-started.Rmd)
Error: processing vignette 'getting-started.Rmd' failed with diagnostics:
there is no package called 'webshot'
--- failed re-building ‘getting-started.Rmd’
SUMMARY: processing the following file failed:
‘getting-started.Rmd’
Error: Vignette re-building failed.
Execution halted
Flavor: r-patched-solaris-x86
Version: 0.1.2
Check: re-building of vignette outputs
Result: WARN
Error(s) in re-building vignettes:
...
--- re-building ‘getting-started.Rmd’ using rmarkdown
Warning in engine$weave(file, quiet = quiet, encoding = enc) :
Pandoc (>= 1.12.3) and/or pandoc-citeproc not available. Falling back to R Markdown v1.
PhantomJS not found. You can install it with webshot::install_phantomjs(). If it is installed, please make sure the phantomjs executable can be found via the PATH variable.
Quitting from lines 86-93 (getting-started.Rmd)
Error: processing vignette 'getting-started.Rmd' failed with diagnostics:
invalid 'path' argument
--- failed re-building ‘getting-started.Rmd’
SUMMARY: processing the following file failed:
‘getting-started.Rmd’
Error: Vignette re-building failed.
Execution halted
Flavors: r-release-macos-x86_64, r-oldrel-macos-x86_64