CRAN Package Check Results for Package heatmap.plus

Last updated on 2019-12-06 03:47:23 CET.

Flavor Version Tinstall Tcheck Ttotal Status Flags
r-devel-linux-x86_64-debian-clang 1.3 2.00 17.54 19.54 NOTE
r-devel-linux-x86_64-debian-gcc 1.3 1.58 14.37 15.95 NOTE
r-devel-linux-x86_64-fedora-clang 1.3 24.40 NOTE
r-devel-linux-x86_64-fedora-gcc 1.3 24.25 NOTE
r-devel-windows-ix86+x86_64 1.3 5.00 35.00 40.00 NOTE
r-devel-windows-ix86+x86_64-gcc8 1.3 5.00 27.00 32.00 NOTE
r-patched-linux-x86_64 1.3 1.49 16.23 17.72 NOTE
r-patched-solaris-x86 1.3 36.00 NOTE
r-release-linux-x86_64 1.3 1.52 16.47 17.99 NOTE
r-release-windows-ix86+x86_64 1.3 6.00 88.00 94.00 NOTE
r-release-osx-x86_64 1.3 NOTE
r-oldrel-windows-ix86+x86_64 1.3 2.00 26.00 28.00 NOTE
r-oldrel-osx-x86_64 1.3 NOTE

Check Details

Version: 1.3
Check: DESCRIPTION meta-information
Result: NOTE
    Malformed Title field: should not end in a period.
Flavors: r-devel-linux-x86_64-debian-clang, r-devel-linux-x86_64-debian-gcc, r-devel-linux-x86_64-fedora-clang, r-devel-linux-x86_64-fedora-gcc, r-devel-windows-ix86+x86_64, r-devel-windows-ix86+x86_64-gcc8, r-patched-linux-x86_64, r-patched-solaris-x86, r-release-linux-x86_64, r-release-windows-ix86+x86_64, r-release-osx-x86_64, r-oldrel-windows-ix86+x86_64, r-oldrel-osx-x86_64

Version: 1.3
Check: R code for possible problems
Result: NOTE
    heatmap.plus: no visible binding for global variable 'dist'
    heatmap.plus: no visible binding for global variable 'hclust'
    heatmap.plus : <anonymous>: no visible global function definition for
     'reorder'
    heatmap.plus: no visible global function definition for 'as.dendrogram'
    heatmap.plus: no visible global function definition for
     'order.dendrogram'
    heatmap.plus: no visible binding for global variable 'sd'
    heatmap.plus: no visible global function definition for 'par'
    heatmap.plus: no visible global function definition for 'layout'
    heatmap.plus: no visible global function definition for 'image'
    heatmap.plus: no visible global function definition for 'axis'
    heatmap.plus: no visible global function definition for 'mtext'
    heatmap.plus: no visible global function definition for 'plot'
    heatmap.plus: no visible global function definition for 'frame'
    heatmap.plus: no visible global function definition for 'title'
    Undefined global functions or variables:
     as.dendrogram axis dist frame hclust image layout mtext
     order.dendrogram par plot reorder sd title
    Consider adding
     importFrom("graphics", "axis", "frame", "image", "layout", "mtext",
     "par", "plot", "title")
     importFrom("stats", "as.dendrogram", "dist", "hclust",
     "order.dendrogram", "reorder", "sd")
    to your NAMESPACE file.
Flavors: r-devel-linux-x86_64-debian-clang, r-devel-linux-x86_64-debian-gcc, r-devel-linux-x86_64-fedora-clang, r-devel-linux-x86_64-fedora-gcc, r-devel-windows-ix86+x86_64, r-devel-windows-ix86+x86_64-gcc8, r-patched-linux-x86_64, r-patched-solaris-x86, r-release-linux-x86_64, r-release-windows-ix86+x86_64, r-release-osx-x86_64, r-oldrel-windows-ix86+x86_64, r-oldrel-osx-x86_64

Version: 1.3
Check: Rd files
Result: NOTE
    prepare_Rd: heatmap.plus.package.Rd:69: Dropping empty section \details
    prepare_Rd: heatmap.plus.package.Rd:70: Dropping empty section \value
    prepare_Rd: heatmap.plus.package.Rd:73: Dropping empty section \note
    prepare_Rd: heatmap.plus.package.Rd:71: Dropping empty section \references
Flavors: r-devel-linux-x86_64-debian-clang, r-devel-linux-x86_64-debian-gcc, r-devel-linux-x86_64-fedora-clang, r-devel-linux-x86_64-fedora-gcc, r-devel-windows-ix86+x86_64, r-devel-windows-ix86+x86_64-gcc8, r-patched-linux-x86_64, r-patched-solaris-x86, r-release-linux-x86_64, r-release-windows-ix86+x86_64, r-release-osx-x86_64, r-oldrel-windows-ix86+x86_64, r-oldrel-osx-x86_64

Version: 1.3
Check: Rd line widths
Result: NOTE
    Rd file 'heatmap.plus.package.Rd':
     \usage lines wider than 90 characters:
     heatmap.plus(x, Rowv = NULL, Colv = if (symm) "Rowv" else NULL, distfun = dist, hclustfun = hclust, reorderfun = function(d, w) reorder ... [TRUNCATED]
    
    These lines will be truncated in the PDF manual.
Flavors: r-devel-linux-x86_64-debian-clang, r-devel-linux-x86_64-debian-gcc, r-devel-linux-x86_64-fedora-clang, r-devel-linux-x86_64-fedora-gcc, r-patched-linux-x86_64, r-release-linux-x86_64