CRAN Package Check Results for Package heatmap3

Last updated on 2018-05-27 18:51:31 CEST.

Flavor Version Tinstall Tcheck Ttotal Status Flags
r-devel-linux-x86_64-debian-clang 1.1.1 1.73 24.78 26.51 NOTE
r-devel-linux-x86_64-debian-gcc 1.1.1 1.10 19.71 20.81 NOTE
r-devel-linux-x86_64-fedora-clang 1.1.1 32.71 NOTE
r-devel-linux-x86_64-fedora-gcc 1.1.1 31.30 NOTE
r-devel-windows-ix86+x86_64 1.1.1 3.00 61.00 64.00 NOTE
r-patched-linux-x86_64 1.1.1 1.56 23.50 25.06 NOTE
r-patched-solaris-x86 1.1.1 45.90 NOTE
r-release-linux-x86_64 1.1.1 1.09 23.32 24.41 NOTE
r-release-windows-ix86+x86_64 1.1.1 4.00 41.00 45.00 NOTE
r-release-osx-x86_64 1.1.1 NOTE
r-oldrel-windows-ix86+x86_64 1.1.1 3.00 44.00 47.00 NOTE
r-oldrel-osx-x86_64 1.1.1 NOTE

Check Details

Version: 1.1.1
Check: R code for possible problems
Result: NOTE
    colByValue: no visible global function definition for ‘image’
    colByValue: no visible global function definition for ‘axis’
    heatmap3 : <anonymous>: no visible global function definition for
     ‘as.dist’
    heatmap3 : <anonymous>: no visible global function definition for ‘cor’
    heatmap3: no visible global function definition for ‘colorRampPalette’
    heatmap3 : <anonymous>: no visible global function definition for
     ‘reorder’
    heatmap3: no visible binding for global variable ‘sd’
    heatmap3: no visible global function definition for ‘pdf’
    heatmap3: no visible global function definition for ‘dev.off’
    heatmap3: no visible global function definition for ‘as.dendrogram’
    heatmap3: no visible global function definition for ‘order.dendrogram’
    heatmap3: no visible global function definition for ‘dev.hold’
    heatmap3: no visible global function definition for ‘dev.flush’
    heatmap3: no visible global function definition for ‘par’
    heatmap3: no visible global function definition for ‘quantile’
    heatmap3: no visible global function definition for ‘layout’
    heatmap3: no visible global function definition for ‘image’
    heatmap3: no visible global function definition for ‘axis’
    heatmap3: no visible global function definition for ‘chisq.test’
    heatmap3 : <anonymous>: no visible global function definition for
     ‘na.omit’
    heatmap3: no visible global function definition for ‘aov’
    heatmap3: no visible global function definition for ‘rainbow’
    heatmap3: no visible global function definition for ‘rect’
    heatmap3: no visible global function definition for ‘mtext’
    heatmap3: no visible global function definition for ‘plot’
    heatmap3: no visible global function definition for ‘frame’
    heatmap3: no visible global function definition for ‘title’
    showAnn: no visible global function definition for ‘plot’
    showAnn: no visible global function definition for ‘image’
    showAnn: no visible global function definition for ‘segments’
    showAnn: no visible global function definition for ‘abline’
    showAnn: no visible global function definition for ‘mtext’
    showAnn: no visible global function definition for ‘points’
    showAnn: no visible global function definition for ‘lines’
    showAnn: no visible global function definition for ‘lowess’
    showAnn: no visible global function definition for ‘axis’
    showLegend: no visible global function definition for ‘plot’
    Undefined global functions or variables:
     abline aov as.dendrogram as.dist axis chisq.test colorRampPalette cor
     dev.flush dev.hold dev.off frame image layout lines lowess mtext
     na.omit order.dendrogram par pdf plot points quantile rainbow rect
     reorder sd segments title
    Consider adding
     importFrom("grDevices", "colorRampPalette", "dev.flush", "dev.hold",
     "dev.off", "pdf", "rainbow")
     importFrom("graphics", "abline", "axis", "frame", "image", "layout",
     "lines", "mtext", "par", "plot", "points", "rect",
     "segments", "title")
     importFrom("stats", "aov", "as.dendrogram", "as.dist", "chisq.test",
     "cor", "lowess", "na.omit", "order.dendrogram", "quantile",
     "reorder", "sd")
    to your NAMESPACE file.
Flavors: r-devel-linux-x86_64-debian-clang, r-devel-linux-x86_64-debian-gcc, r-devel-linux-x86_64-fedora-clang, r-devel-linux-x86_64-fedora-gcc, r-devel-windows-ix86+x86_64, r-patched-linux-x86_64, r-patched-solaris-x86, r-release-linux-x86_64, r-release-windows-ix86+x86_64, r-release-osx-x86_64, r-oldrel-windows-ix86+x86_64, r-oldrel-osx-x86_64

Version: 1.1.1
Check: files in ‘vignettes’
Result: NOTE
    The following directory looks like a leftover from 'knitr':
     'cache'
    Please remove from your package.
Flavors: r-devel-windows-ix86+x86_64, r-release-windows-ix86+x86_64, r-oldrel-windows-ix86+x86_64