CRAN Package Check Results for Package heatwaveR

Last updated on 2024-02-28 07:02:35 CET.

Flavor Version Tinstall Tcheck Ttotal Status Flags
r-devel-linux-x86_64-debian-clang 0.4.6 39.56 210.96 250.52 NOTE
r-devel-linux-x86_64-debian-gcc 0.4.6 29.82 193.74 223.56 NOTE
r-devel-linux-x86_64-fedora-clang 0.4.6 349.13 NOTE
r-devel-linux-x86_64-fedora-gcc 0.4.6 347.06 NOTE
r-devel-windows-x86_64 0.4.6 32.00 192.00 224.00 NOTE
r-patched-linux-x86_64 0.4.6 41.79 239.51 281.30 NOTE
r-release-linux-x86_64 0.4.6 35.06 236.79 271.85 NOTE
r-release-macos-arm64 0.4.6 101.00 NOTE
r-release-macos-x86_64 0.4.6 160.00 NOTE
r-release-windows-x86_64 0.4.6 39.00 231.00 270.00 NOTE
r-oldrel-macos-arm64 0.4.6 82.00 OK
r-oldrel-windows-x86_64 0.4.6 41.00 221.00 262.00 OK

Check Details

Version: 0.4.6
Check: C++ specification
Result: NOTE Specified C++11: please drop specification unless essential Flavors: r-devel-linux-x86_64-debian-clang, r-devel-linux-x86_64-debian-gcc, r-devel-linux-x86_64-fedora-clang, r-devel-linux-x86_64-fedora-gcc, r-devel-windows-x86_64, r-patched-linux-x86_64, r-release-linux-x86_64, r-release-macos-arm64, r-release-macos-x86_64, r-release-windows-x86_64

Version: 0.4.6
Check: Rd files
Result: NOTE checkRd: (-1) category.Rd:117-118: Lost braces in \enumerate; meant \describe ? checkRd: (-1) category.Rd:119-120: Lost braces in \enumerate; meant \describe ? checkRd: (-1) category.Rd:121: Lost braces in \enumerate; meant \describe ? checkRd: (-1) category.Rd:122-123: Lost braces in \enumerate; meant \describe ? Flavors: r-devel-linux-x86_64-debian-clang, r-devel-linux-x86_64-debian-gcc, r-devel-linux-x86_64-fedora-clang, r-devel-linux-x86_64-fedora-gcc