CRAN Package Check Results for Package hellno

Last updated on 2021-06-24 00:48:45 CEST.

Flavor Version Tinstall Tcheck Ttotal Status Flags
r-devel-linux-x86_64-debian-clang 0.0.1 1.81 20.56 22.37 NOTE
r-devel-linux-x86_64-debian-gcc 0.0.1 1.35 16.15 17.50 NOTE
r-devel-linux-x86_64-fedora-clang 0.0.1 38.02 NOTE
r-devel-linux-x86_64-fedora-gcc 0.0.1 26.83 NOTE
r-devel-windows-x86_64 0.0.1 3.00 28.00 31.00 NOTE
r-devel-windows-x86_64-gcc10-UCRT 0.0.1 NOTE
r-patched-linux-x86_64 0.0.1 1.62 20.52 22.14 NOTE
r-patched-solaris-x86 0.0.1 41.60 NOTE
r-release-linux-x86_64 0.0.1 1.38 20.59 21.97 NOTE
r-release-macos-arm64 0.0.1 NOTE
r-release-macos-x86_64 0.0.1 NOTE
r-release-windows-ix86+x86_64 0.0.1 4.00 26.00 30.00 NOTE
r-oldrel-macos-x86_64 0.0.1 OK

Check Details

Version: 0.0.1
Check: LazyData
Result: NOTE
     'LazyData' is specified without a 'data' directory
Flavors: r-devel-linux-x86_64-debian-clang, r-devel-linux-x86_64-debian-gcc, r-devel-linux-x86_64-fedora-clang, r-devel-linux-x86_64-fedora-gcc, r-devel-windows-x86_64, r-devel-windows-x86_64-gcc10-UCRT, r-patched-linux-x86_64, r-patched-solaris-x86, r-release-linux-x86_64, r-release-macos-arm64, r-release-macos-x86_64, r-release-windows-ix86+x86_64