CRAN Package Check Results for Package helsinki

Last updated on 2024-02-24 19:50:41 CET.

Flavor Version Tinstall Tcheck Ttotal Status Flags
r-devel-linux-x86_64-debian-clang 1.0.6 8.78 76.07 84.85 NOTE
r-devel-linux-x86_64-debian-gcc 1.0.6 6.30 56.85 63.15 NOTE
r-devel-linux-x86_64-fedora-clang 1.0.6 105.81 OK
r-devel-linux-x86_64-fedora-gcc 1.0.6 111.92 OK
r-devel-windows-x86_64 1.0.6 8.00 84.00 92.00 OK
r-patched-linux-x86_64 1.0.6 8.60 72.16 80.76 OK
r-release-linux-x86_64 1.0.6 5.61 70.76 76.37 OK
r-release-macos-arm64 1.0.6 49.00 OK
r-release-macos-x86_64 1.0.6 71.00 OK
r-release-windows-x86_64 1.0.6 10.00 97.00 107.00 OK
r-oldrel-macos-arm64 1.0.6 41.00 OK
r-oldrel-windows-x86_64 1.0.6 10.00 99.00 109.00 OK

Check Details

Version: 1.0.6
Check: Rd files
Result: NOTE checkRd: (-1) get_hri_stats.Rd:40: Lost braces 40 | See \url{https://dev.hel.fi/apis/statistics/}{dev.hel.fi website} and | ^ checkRd: (-1) get_hri_stats.Rd:41: Lost braces 41 | \url{http://dev.hel.fi/stats/}{API documentation} (in Finnish) | ^ checkRd: (-1) get_linkedevents.Rd:39: Lost braces in \itemize; meant \describe ? checkRd: (-1) get_linkedevents.Rd:40: Lost braces in \itemize; meant \describe ? checkRd: (-1) get_linkedevents.Rd:41: Lost braces in \itemize; meant \describe ? checkRd: (-1) get_linkedevents.Rd:42: Lost braces in \itemize; meant \describe ? checkRd: (-1) get_linkedevents.Rd:43: Lost braces in \itemize; meant \describe ? checkRd: (-1) get_servicemap.Rd:40: Lost braces in \itemize; meant \describe ? checkRd: (-1) get_servicemap.Rd:41: Lost braces in \itemize; meant \describe ? checkRd: (-1) get_servicemap.Rd:42: Lost braces in \itemize; meant \describe ? checkRd: (-1) get_servicemap.Rd:43: Lost braces in \itemize; meant \describe ? checkRd: (-1) get_servicemap.Rd:44: Lost braces in \itemize; meant \describe ? checkRd: (-1) get_servicemap.Rd:45: Lost braces in \itemize; meant \describe ? checkRd: (-1) get_servicemap.Rd:52: Lost braces in \itemize; meant \describe ? checkRd: (-1) get_servicemap.Rd:53: Lost braces in \itemize; meant \describe ? checkRd: (-1) get_servicemap.Rd:54: Lost braces in \itemize; meant \describe ? checkRd: (-1) get_servicemap.Rd:55: Lost braces in \itemize; meant \describe ? checkRd: (-1) get_servicemap.Rd:56: Lost braces in \itemize; meant \describe ? checkRd: (-1) get_servicemap.Rd:57: Lost braces in \itemize; meant \describe ? checkRd: (-1) get_servicemap.Rd:58: Lost braces in \itemize; meant \describe ? checkRd: (-1) get_servicemap.Rd:59: Lost braces in \itemize; meant \describe ? checkRd: (-1) get_servicemap.Rd:60: Lost braces in \itemize; meant \describe ? checkRd: (-1) get_servicemap.Rd:61: Lost braces in \itemize; meant \describe ? Flavors: r-devel-linux-x86_64-debian-clang, r-devel-linux-x86_64-debian-gcc