Last updated on 2021-03-09 08:51:03 CET.
Flavor | Version | Tinstall | Tcheck | Ttotal | Status | Flags |
---|---|---|---|---|---|---|
r-devel-linux-x86_64-debian-clang | 1.3-8 | 9.04 | 143.03 | 152.07 | OK | |
r-devel-linux-x86_64-debian-gcc | 1.3-8 | 7.26 | 102.66 | 109.92 | OK | |
r-devel-linux-x86_64-fedora-clang | 1.3-8 | 188.40 | NOTE | |||
r-devel-linux-x86_64-fedora-gcc | 1.3-8 | 171.86 | OK | |||
r-devel-windows-ix86+x86_64 | 1.3-8 | 19.00 | 135.00 | 154.00 | OK | |
r-devel-windows-x86_64-gcc10-UCRT | 1.3-8 | OK | ||||
r-patched-linux-x86_64 | 1.3-8 | 8.47 | 134.55 | 143.02 | OK | |
r-patched-solaris-x86 | 1.3-8 | 209.40 | OK | |||
r-release-linux-x86_64 | 1.3-8 | 10.03 | 135.03 | 145.06 | OK | |
r-release-macos-x86_64 | 1.3-8 | OK | ||||
r-release-windows-ix86+x86_64 | 1.3-8 | 16.00 | 127.00 | 143.00 | OK | |
r-oldrel-macos-x86_64 | 1.3-8 | OK | ||||
r-oldrel-windows-ix86+x86_64 | 1.3-8 | 11.00 | 132.00 | 143.00 | OK |
Version: 1.3-8
Check: Rd cross-references
Result: NOTE
Undeclared packages ‘Sleuth2’, ‘rrcov’, ‘carData’, ‘qqtest’ in Rd xrefs
Flavor: r-devel-linux-x86_64-fedora-clang