Last updated on 2023-02-02 19:51:22 CET.
Flavor | Version | Tinstall | Tcheck | Ttotal | Status | Flags |
---|---|---|---|---|---|---|
r-devel-linux-x86_64-debian-clang | 1.3 | 2.73 | 36.88 | 39.61 | NOTE | |
r-devel-linux-x86_64-debian-gcc | 1.3 | 2.55 | 27.75 | 30.30 | NOTE | |
r-devel-linux-x86_64-fedora-clang | 1.3 | 50.93 | NOTE | |||
r-devel-linux-x86_64-fedora-gcc | 1.3 | 49.48 | NOTE | |||
r-patched-linux-x86_64 | 1.3 | 3.26 | 35.98 | 39.24 | NOTE | |
r-release-linux-x86_64 | 1.3 | 3.57 | 35.80 | 39.37 | NOTE | |
r-release-macos-arm64 | 1.3 | 20.00 | NOTE | |||
r-release-macos-x86_64 | 1.3 | 27.00 | NOTE | |||
r-release-windows-x86_64 | 1.3 | 28.00 | 67.00 | 95.00 | NOTE | |
r-oldrel-macos-arm64 | 1.3 | 25.00 | NOTE | |||
r-oldrel-macos-x86_64 | 1.3 | 45.00 | NOTE | |||
r-oldrel-windows-ix86+x86_64 | 1.3 | 8.00 | 60.00 | 68.00 | OK |
Version: 1.3
Check: package dependencies
Result: NOTE
Package suggested but not available for checking: ‘synbreed’
Flavors: r-devel-linux-x86_64-debian-clang, r-devel-linux-x86_64-debian-gcc, r-devel-linux-x86_64-fedora-clang, r-devel-linux-x86_64-fedora-gcc, r-patched-linux-x86_64, r-release-linux-x86_64, r-release-macos-arm64, r-release-macos-x86_64, r-release-windows-x86_64, r-oldrel-macos-arm64, r-oldrel-macos-x86_64