Last updated on 2022-05-19 09:53:14 CEST.
Flavor | Version | Tinstall | Tcheck | Ttotal | Status | Flags |
---|---|---|---|---|---|---|
r-devel-linux-x86_64-debian-clang | 1.1.4 | 78.21 | 156.95 | 235.16 | OK | --no-vignettes |
r-devel-linux-x86_64-debian-gcc | 1.1.4 | 62.55 | 116.05 | 178.60 | OK | --no-vignettes |
r-devel-linux-x86_64-fedora-clang | 1.1.4 | 315.14 | OK | --no-vignettes | ||
r-devel-linux-x86_64-fedora-gcc | 1.1.4 | 290.12 | OK | --no-vignettes | ||
r-devel-windows-x86_64 | 1.1.4 | 90.00 | 214.00 | 304.00 | OK | --no-vignettes |
r-patched-linux-x86_64 | 1.1.4 | 70.64 | 150.14 | 220.78 | OK | --no-vignettes |
r-release-linux-x86_64 | 1.1.4 | 59.31 | 150.34 | 209.65 | OK | --no-vignettes |
r-release-macos-arm64 | 1.1.4 | 1803.00 | ERROR | |||
r-release-macos-x86_64 | 1.1.4 | 1079.00 | OK | |||
r-release-windows-x86_64 | 1.1.4 | 91.00 | 215.00 | 306.00 | OK | --no-vignettes |
r-oldrel-macos-arm64 | 1.1.4 | 1724.00 | OK | |||
r-oldrel-macos-x86_64 | 1.1.4 | 897.00 | OK | |||
r-oldrel-windows-ix86+x86_64 | 1.1.4 | 193.00 | 280.00 | 473.00 | OK | --no-vignettes |
Version: 1.1.4
Check: re-building of vignette outputs
Result: ERROR
Error(s) in re-building vignettes:
...
--- re-building ‘hetGP_vignette.Rnw’ using knitr
Execution halted
* checking PDF version of manual ...* using check arguments '--no-clean-on-error '
Flavor: r-release-macos-arm64