Last updated on 2023-12-08 09:52:14 CET.
Flavor | Version | Tinstall | Tcheck | Ttotal | Status | Flags |
---|---|---|---|---|---|---|
r-devel-linux-x86_64-debian-clang | 1.0-1 | 5.46 | 40.17 | 45.63 | NOTE | |
r-devel-linux-x86_64-debian-gcc | 1.0-1 | 3.98 | 31.65 | 35.63 | NOTE | |
r-devel-linux-x86_64-fedora-clang | 1.0-1 | 57.03 | NOTE | |||
r-devel-linux-x86_64-fedora-gcc | 1.0-1 | 55.00 | NOTE | |||
r-devel-windows-x86_64 | 1.0-1 | 6.00 | 54.00 | 60.00 | NOTE | |
r-patched-linux-x86_64 | 1.0-1 | 6.81 | 40.25 | 47.06 | NOTE | |
r-release-linux-x86_64 | 1.0-1 | 5.43 | 39.76 | 45.19 | NOTE | |
r-release-macos-arm64 | 1.0-1 | 23.00 | NOTE | |||
r-release-macos-x86_64 | 1.0-1 | 44.00 | NOTE | |||
r-release-windows-x86_64 | 1.0-1 | 7.00 | 57.00 | 64.00 | NOTE | |
r-oldrel-macos-arm64 | 1.0-1 | 23.00 | OK | |||
r-oldrel-macos-x86_64 | 1.0-1 | 32.00 | OK | |||
r-oldrel-windows-x86_64 | 1.0-1 | 7.00 | 59.00 | 66.00 | OK |
Version: 1.0-1
Check: Rd files
Result: NOTE
checkRd: (-1) ohio.Rd:104: Escaped LaTeX specials: \&
checkRd: (-1) ohio.Rd:105: Escaped LaTeX specials: \&
Flavors: r-devel-linux-x86_64-debian-clang, r-devel-linux-x86_64-debian-gcc, r-devel-linux-x86_64-fedora-clang, r-devel-linux-x86_64-fedora-gcc, r-devel-windows-x86_64, r-patched-linux-x86_64, r-release-linux-x86_64, r-release-macos-arm64, r-release-macos-x86_64, r-release-windows-x86_64