Last updated on 2022-06-30 05:57:53 CEST.
Flavor | Version | Tinstall | Tcheck | Ttotal | Status | Flags |
---|---|---|---|---|---|---|
r-devel-linux-x86_64-debian-clang | 0.13.1 | 11.16 | 101.80 | 112.96 | OK | |
r-devel-linux-x86_64-debian-gcc | 0.13.1 | 9.85 | 78.30 | 88.15 | OK | |
r-devel-linux-x86_64-fedora-clang | 0.13.1 | 144.14 | NOTE | |||
r-devel-linux-x86_64-fedora-gcc | 0.13.1 | 146.46 | OK | |||
r-devel-windows-x86_64 | 0.13.1 | 38.00 | 124.00 | 162.00 | OK | |
r-patched-linux-x86_64 | 0.13.1 | 14.37 | 99.72 | 114.09 | OK | |
r-release-linux-x86_64 | 0.13.1 | 10.56 | 97.54 | 108.10 | OK | |
r-release-macos-arm64 | 0.13.1 | 43.00 | OK | |||
r-release-macos-x86_64 | 0.13.1 | 57.00 | OK | |||
r-release-windows-x86_64 | 0.13.1 | 59.00 | 121.00 | 180.00 | OK | |
r-oldrel-macos-arm64 | 0.13.1 | 49.00 | OK | |||
r-oldrel-macos-x86_64 | 0.13.1 | 92.00 | OK | |||
r-oldrel-windows-ix86+x86_64 | 0.13.1 | 23.00 | 115.00 | 138.00 | OK |
Version: 0.13.1
Check: Rd cross-references
Result: NOTE
Undeclared packages ‘sp’, ‘rgeos’ in Rd xrefs
Flavor: r-devel-linux-x86_64-fedora-clang