CRAN Package Check Results for Package hierarchicalDS

Last updated on 2022-11-28 17:52:57 CET.

Flavor Version Tinstall Tcheck Ttotal Status Flags
r-devel-linux-x86_64-debian-clang 3.0 17.24 128.17 145.41 OK
r-devel-linux-x86_64-debian-gcc 3.0 15.58 95.37 110.95 OK
r-devel-linux-x86_64-fedora-clang 3.0 191.93 NOTE
r-devel-linux-x86_64-fedora-gcc 3.0 197.66 NOTE
r-devel-windows-x86_64 3.0 216.00 149.00 365.00 OK
r-patched-linux-x86_64 3.0 16.58 119.89 136.47 OK
r-release-linux-x86_64 3.0 17.87 120.79 138.66 OK
r-release-macos-arm64 3.0 47.00 NOTE
r-release-macos-x86_64 3.0 90.00 NOTE
r-release-windows-x86_64 3.0 280.00 144.00 424.00 OK
r-oldrel-macos-arm64 3.0 53.00 NOTE
r-oldrel-macos-x86_64 3.0 77.00 NOTE
r-oldrel-windows-ix86+x86_64 3.0 36.00 142.00 178.00 OK

Check Details

Version: 3.0
Check: dependencies in R code
Result: NOTE
    Namespace in Imports field not imported from: ‘MCMCpack’
     All declared Imports should be used.
Flavors: r-devel-linux-x86_64-fedora-clang, r-devel-linux-x86_64-fedora-gcc, r-release-macos-arm64, r-release-macos-x86_64, r-oldrel-macos-arm64, r-oldrel-macos-x86_64