CRAN Package Check Results for Package highcharter

Last updated on 2018-02-19 08:47:02 CET.

Flavor Version Tinstall Tcheck Ttotal Status Flags
r-devel-linux-x86_64-debian-clang 0.5.0 7.13 131.56 138.69 OK
r-devel-linux-x86_64-debian-gcc 0.5.0 6.79 116.42 123.21 OK
r-devel-linux-x86_64-fedora-clang 0.5.0 178.53 NOTE
r-devel-linux-x86_64-fedora-gcc 0.5.0 173.94 NOTE
r-devel-windows-ix86+x86_64 0.5.0 19.00 177.00 196.00 NOTE
r-patched-linux-x86_64 0.5.0 6.17 152.43 158.60 OK
r-patched-solaris-x86 0.5.0 167.00 WARN
r-release-linux-x86_64 0.5.0 6.07 147.22 153.29 OK
r-release-windows-ix86+x86_64 0.5.0 29.00 195.00 224.00 NOTE
r-release-osx-x86_64 0.5.0 WARN
r-oldrel-windows-ix86+x86_64 0.5.0 20.00 234.00 254.00 NOTE
r-oldrel-osx-x86_64 0.5.0 WARN

Check Details

Version: 0.5.0
Check: installed package size
Result: NOTE
     installed size is 16.6Mb
     sub-directories of 1Mb or more:
     doc 13.7Mb
     htmlwidgets 1.9Mb
Flavors: r-devel-linux-x86_64-fedora-clang, r-devel-linux-x86_64-fedora-gcc, r-devel-windows-ix86+x86_64, r-patched-solaris-x86, r-release-windows-ix86+x86_64, r-release-osx-x86_64, r-oldrel-windows-ix86+x86_64, r-oldrel-osx-x86_64

Version: 0.5.0
Check: re-building of vignette outputs
Result: WARN
    Error in re-building vignettes:
     ...
    Warning in engine$weave(file, quiet = quiet, encoding = enc) :
     Pandoc (>= 1.12.3) and/or pandoc-citeproc not available. Falling back to R Markdown v1.
    Highcharts (www.highcharts.com) is a Highsoft software product which is
    not free for commercial and Governmental use
    Quitting from lines 45-46 (charting-data-frames.Rmd)
    Error: processing vignette 'charting-data-frames.Rmd' failed with diagnostics:
    cannot open the connection
    Execution halted
Flavors: r-patched-solaris-x86, r-release-osx-x86_64, r-oldrel-osx-x86_64