CRAN Package Check Results for Package highcharter

Last updated on 2018-08-15 08:48:45 CEST.

Flavor Version Tinstall Tcheck Ttotal Status Flags
r-devel-linux-x86_64-debian-clang 0.5.0 9.64 130.55 140.19 WARN
r-devel-linux-x86_64-debian-gcc 0.5.0 8.02 126.22 134.24 OK
r-devel-linux-x86_64-fedora-clang 0.5.0 197.14 NOTE
r-devel-linux-x86_64-fedora-gcc 0.5.0 187.64 OK
r-devel-windows-ix86+x86_64 0.5.0 22.00 280.00 302.00 WARN
r-patched-linux-x86_64 0.5.0 8.10 145.33 153.43 OK
r-patched-solaris-x86 0.5.0 172.10 WARN
r-release-linux-x86_64 0.5.0 8.43 116.20 124.63 WARN
r-release-windows-ix86+x86_64 0.5.0 21.00 188.00 209.00 WARN
r-release-osx-x86_64 0.5.0 WARN
r-oldrel-windows-ix86+x86_64 0.5.0 29.00 287.00 316.00 NOTE
r-oldrel-osx-x86_64 0.5.0 WARN

Check Details

Version: 0.5.0
Check: re-building of vignette outputs
Result: WARN
    Error in re-building vignettes:
     ...
    Highcharts (www.highcharts.com) is a Highsoft software product which is
    not free for commercial and Governmental use
    
    Attaching package: 'dplyr'
    
    The following objects are masked from 'package:stats':
    
     filter, lag
    
    The following objects are masked from 'package:base':
    
     intersect, setdiff, setequal, union
    
    trying URL ‘https://code.highcharts.com/mapdata/countries/nz/nz-all.js’
    Content type 'application/x-javascript' length 36810 bytes (35 KB)
    ==================================================
    downloaded 35 KB
    
    trying URL ‘https://code.highcharts.com/mapdata/custom/usa-and-canada.js’
    Content type 'application/x-javascript' length 134466 bytes (131 KB)
    ==================================================
    downloaded 131 KB
    
    trying URL ‘https://code.highcharts.com/mapdata/countries/us/us-ca-all.js’
    Content type 'application/x-javascript' length 40824 bytes (39 KB)
    ==================================================
    downloaded 39 KB
    
    trying URL ‘https://code.highcharts.com/mapdata/countries/us/us-all.js’
    Content type 'application/x-javascript' length 66923 bytes (65 KB)
    ==================================================
    downloaded 65 KB
    
    trying URL ‘https://code.highcharts.com/mapdata/countries/us/us-all.js’
    Content type 'application/x-javascript' length 66923 bytes (65 KB)
    ==================================================
    downloaded 65 KB
    
    trying URL ‘https://code.highcharts.com/mapdata/countries/fj/fj-all.js’
    Content type 'application/x-javascript' length 20412 bytes (19 KB)
    ==================================================
    downloaded 19 KB
    
    Quitting from lines 110-132 (charting-maps.Rmd)
    Error: processing vignette ‘charting-maps.Rmd’ failed with diagnostics:
    Please install xml2 package
    Execution halted
Flavors: r-devel-linux-x86_64-debian-clang, r-devel-windows-ix86+x86_64, r-release-linux-x86_64

Version: 0.5.0
Check: installed package size
Result: NOTE
     installed size is 16.6Mb
     sub-directories of 1Mb or more:
     doc 13.7Mb
     htmlwidgets 1.9Mb
Flavors: r-devel-linux-x86_64-fedora-clang, r-devel-windows-ix86+x86_64, r-patched-solaris-x86, r-release-windows-ix86+x86_64, r-release-osx-x86_64, r-oldrel-windows-ix86+x86_64, r-oldrel-osx-x86_64

Version: 0.5.0
Check: re-building of vignette outputs
Result: WARN
    Error in re-building vignettes:
     ...
    Warning in engine$weave(file, quiet = quiet, encoding = enc) :
     Pandoc (>= 1.12.3) and/or pandoc-citeproc not available. Falling back to R Markdown v1.
    Highcharts (www.highcharts.com) is a Highsoft software product which is
    not free for commercial and Governmental use
    Quitting from lines 45-46 (charting-data-frames.Rmd)
    Error: processing vignette 'charting-data-frames.Rmd' failed with diagnostics:
    there is no package called 'webshot'
    Execution halted
Flavor: r-patched-solaris-x86

Version: 0.5.0
Check: re-building of vignette outputs
Result: WARN
    Error in re-building vignettes:
     ...
    Highcharts (www.highcharts.com) is a Highsoft software product which is
    not free for commercial and Governmental use
    
    Attaching package: 'dplyr'
    
    The following objects are masked from 'package:stats':
    
     filter, lag
    
    The following objects are masked from 'package:base':
    
     intersect, setdiff, setequal, union
    
    trying URL 'https://code.highcharts.com/mapdata/countries/nz/nz-all.js'
    Content type 'application/x-javascript' length 36810 bytes (35 KB)
    ==================================================
    downloaded 35 KB
    
    trying URL 'https://code.highcharts.com/mapdata/custom/usa-and-canada.js'
    Content type 'application/x-javascript' length 134466 bytes (131 KB)
    ==================================================
    downloaded 131 KB
    
    trying URL 'https://code.highcharts.com/mapdata/countries/us/us-ca-all.js'
    Content type 'application/x-javascript' length 40824 bytes (39 KB)
    ==================================================
    downloaded 39 KB
    
    trying URL 'https://code.highcharts.com/mapdata/countries/us/us-all.js'
    Content type 'application/x-javascript' length 66923 bytes (65 KB)
    ==================================================
    downloaded 65 KB
    
    trying URL 'https://code.highcharts.com/mapdata/countries/us/us-all.js'
    Content type 'application/x-javascript' length 66923 bytes (65 KB)
    ==================================================
    downloaded 65 KB
    
    trying URL 'https://code.highcharts.com/mapdata/countries/fj/fj-all.js'
    Content type 'application/x-javascript' length 20412 bytes (19 KB)
    ==================================================
    downloaded 19 KB
    
    Quitting from lines 110-132 (charting-maps.Rmd)
    Error: processing vignette 'charting-maps.Rmd' failed with diagnostics:
    parse error: trailing garbage
     502: Failure
     (right here) ------^
    Execution halted
Flavor: r-release-windows-ix86+x86_64

Version: 0.5.0
Check: re-building of vignette outputs
Result: WARN
    Error in re-building vignettes:
     ...
    Warning in engine$weave(file, quiet = quiet, encoding = enc) :
     Pandoc (>= 1.12.3) and/or pandoc-citeproc not available. Falling back to R Markdown v1.
    Highcharts (www.highcharts.com) is a Highsoft software product which is
    not free for commercial and Governmental use
    Quitting from lines 45-46 (charting-data-frames.Rmd)
    Error: processing vignette 'charting-data-frames.Rmd' failed with diagnostics:
    cannot open the connection
    Execution halted
Flavors: r-release-osx-x86_64, r-oldrel-osx-x86_64