CRAN Package Check Results for Package highlight

Last updated on 2022-10-02 00:55:10 CEST.

Flavor Version Tinstall Tcheck Ttotal Status Flags
r-devel-linux-x86_64-debian-clang 0.5.0 67.57 30.16 97.73 OK
r-devel-linux-x86_64-debian-gcc 0.5.0 56.26 23.99 80.25 OK
r-devel-linux-x86_64-fedora-clang 0.5.0 190.41 OK
r-devel-linux-x86_64-fedora-gcc 0.5.0 149.51 OK
r-devel-windows-x86_64 0.5.0 165.00 93.00 258.00 OK
r-patched-linux-x86_64 0.5.0 63.06 28.70 91.76 OK
r-release-linux-x86_64 0.5.0 60.23 28.48 88.71 OK
r-release-macos-arm64 0.5.0 47.00 NOTE
r-release-macos-x86_64 0.5.0 58.00 NOTE
r-release-windows-x86_64 0.5.0 97.00 77.00 174.00 OK
r-oldrel-macos-arm64 0.5.0 52.00 NOTE
r-oldrel-macos-x86_64 0.5.0 83.00 NOTE
r-oldrel-windows-ix86+x86_64 0.5.0 166.00 54.00 220.00 OK

Check Details

Version: 0.5.0
Check: installed package size
Result: NOTE
     installed size is 9.2Mb
     sub-directories of 1Mb or more:
     highlight 1.0Mb
     libs 8.0Mb
Flavors: r-release-macos-arm64, r-release-macos-x86_64, r-oldrel-macos-arm64, r-oldrel-macos-x86_64