CRAN Package Check Results for Package highr

Last updated on 2019-03-24 04:46:55 CET.

Flavor Version Tinstall Tcheck Ttotal Status Flags
r-devel-linux-x86_64-debian-clang 0.8 1.57 21.01 22.58 OK
r-devel-linux-x86_64-debian-gcc 0.8 1.18 16.90 18.08 OK
r-devel-linux-x86_64-fedora-clang 0.8 29.28 OK
r-devel-linux-x86_64-fedora-gcc 0.8 27.49 OK
r-devel-windows-ix86+x86_64 0.8 5.00 43.00 48.00 OK
r-patched-linux-x86_64 0.8 0.93 18.56 19.49 OK
r-patched-solaris-x86 0.8 38.80 OK
r-release-linux-x86_64 0.8 0.25 2.12 2.37 ERROR
r-release-windows-ix86+x86_64 0.8 3.00 32.00 35.00 OK
r-release-osx-x86_64 0.7 OK
r-oldrel-windows-ix86+x86_64 0.8 2.00 32.00 34.00 OK
r-oldrel-osx-x86_64 0.7 OK

Check Details

Version: 0.8
Check: whether package can be installed
Result: ERROR
    Installation failed.
Flavor: r-release-linux-x86_64