CRAN Package Check Results for Package hindex

Last updated on 2022-11-28 19:50:28 CET.

Flavor Version Tinstall Tcheck Ttotal Status Flags
r-devel-linux-x86_64-debian-clang 0.2.0 4.01 39.72 43.73 NOTE
r-devel-linux-x86_64-debian-gcc 0.2.0 3.00 30.72 33.72 NOTE
r-devel-linux-x86_64-fedora-clang 0.2.0 65.41 NOTE
r-devel-linux-x86_64-fedora-gcc 0.2.0 66.42 NOTE
r-devel-windows-x86_64 0.2.0 12.00 75.00 87.00 NOTE
r-patched-linux-x86_64 0.2.0 2.63 38.58 41.21 NOTE
r-release-linux-x86_64 0.2.0 3.85 38.59 42.44 NOTE
r-release-macos-arm64 0.2.0 20.00 NOTE
r-release-macos-x86_64 0.2.0 34.00 NOTE
r-release-windows-x86_64 0.2.0 10.00 74.00 84.00 NOTE
r-oldrel-macos-arm64 0.2.0 26.00 NOTE
r-oldrel-macos-x86_64 0.2.0 29.00 NOTE
r-oldrel-windows-ix86+x86_64 0.2.0 8.00 62.00 70.00 NOTE

Check Details

Version: 0.2.0
Check: LazyData
Result: NOTE
     'LazyData' is specified without a 'data' directory
Flavors: r-devel-linux-x86_64-debian-clang, r-devel-linux-x86_64-debian-gcc, r-devel-linux-x86_64-fedora-clang, r-devel-linux-x86_64-fedora-gcc, r-devel-windows-x86_64, r-patched-linux-x86_64, r-release-linux-x86_64, r-release-macos-arm64, r-release-macos-x86_64, r-release-windows-x86_64, r-oldrel-macos-arm64, r-oldrel-macos-x86_64, r-oldrel-windows-ix86+x86_64