CRAN Package Check Results for Package hive

Last updated on 2023-02-02 19:51:22 CET.

Flavor Version Tinstall Tcheck Ttotal Status Flags
r-devel-linux-x86_64-debian-clang 0.2-2 4.39 47.39 51.78 NOTE
r-devel-linux-x86_64-debian-gcc 0.2-2 3.97 36.10 40.07 NOTE
r-devel-linux-x86_64-fedora-clang 0.2-2 66.22 NOTE
r-devel-linux-x86_64-fedora-gcc 0.2-2 66.60 NOTE
r-devel-windows-x86_64 0.2-2 19.00 91.00 110.00 OK
r-patched-linux-x86_64 0.2-2 5.45 47.90 53.35 NOTE
r-release-linux-x86_64 0.2-2 4.49 48.01 52.50 NOTE
r-release-macos-arm64 0.2-2 21.00 OK
r-release-macos-x86_64 0.2-2 32.00 OK
r-release-windows-x86_64 0.2-2 18.00 85.00 103.00 OK
r-oldrel-macos-arm64 0.2-2 35.00 OK
r-oldrel-macos-x86_64 0.2-2 55.00 OK
r-oldrel-windows-ix86+x86_64 0.2-2 13.00 75.00 88.00 OK

Check Details

Version: 0.2-2
Check: package dependencies
Result: NOTE
    Package which this enhances but not available for checking: ‘HadoopStreaming’
Flavors: r-devel-linux-x86_64-debian-clang, r-devel-linux-x86_64-debian-gcc, r-devel-linux-x86_64-fedora-clang, r-devel-linux-x86_64-fedora-gcc, r-patched-linux-x86_64, r-release-linux-x86_64