CRAN Package Check Results for Package hive

Last updated on 2021-06-24 00:48:45 CEST.

Flavor Version Tinstall Tcheck Ttotal Status Flags
r-devel-linux-x86_64-debian-clang 0.2-2 5.54 44.76 50.30 OK
r-devel-linux-x86_64-debian-gcc 0.2-2 3.94 34.13 38.07 OK
r-devel-linux-x86_64-fedora-clang 0.2-2 73.84 OK
r-devel-linux-x86_64-fedora-gcc 0.2-2 61.22 OK
r-devel-windows-x86_64 0.2-2 8.00 45.00 53.00 OK
r-devel-windows-x86_64-gcc10-UCRT 0.2-2 OK
r-patched-linux-x86_64 0.2-2 4.93 43.56 48.49 OK
r-patched-solaris-x86 0.2-2 100.70 OK
r-release-linux-x86_64 0.2-2 4.46 43.42 47.88 OK
r-release-macos-arm64 0.2-2 ERROR
r-release-macos-x86_64 0.2-2 OK
r-release-windows-ix86+x86_64 0.2-2 9.00 47.00 56.00 OK
r-oldrel-macos-x86_64 0.2-2 OK
r-oldrel-windows-ix86+x86_64 0.2-2 12.00 48.00 60.00 OK

Check Details

Version: 0.2-2
Check: whether package can be installed
Result: ERROR
    Installation failed.
Flavor: r-release-macos-arm64