Last updated on 2021-04-20 01:47:07 CEST.
Flavor | Version | Tinstall | Tcheck | Ttotal | Status | Flags |
---|---|---|---|---|---|---|
r-devel-linux-x86_64-debian-clang | 1.0.0 | 3.20 | 34.22 | 37.42 | NOTE | |
r-devel-linux-x86_64-debian-gcc | 1.0.0 | 2.45 | 26.74 | 29.19 | NOTE | |
r-devel-linux-x86_64-fedora-clang | 1.0.0 | 54.60 | NOTE | |||
r-devel-linux-x86_64-fedora-gcc | 1.0.0 | 44.22 | NOTE | |||
r-devel-windows-ix86+x86_64 | 1.0.0 | 7.00 | 37.00 | 44.00 | NOTE | |
r-devel-windows-x86_64-gcc10-UCRT | 1.0.0 | NOTE | ||||
r-patched-linux-x86_64 | 1.0.0 | 3.25 | 32.87 | 36.12 | OK | |
r-patched-solaris-x86 | 1.0.0 | 66.50 | OK | |||
r-release-linux-x86_64 | 1.0.0 | 3.16 | 32.70 | 35.86 | OK | |
r-release-macos-x86_64 | 1.0.0 | OK | ||||
r-release-windows-ix86+x86_64 | 1.0.0 | 7.00 | 55.00 | 62.00 | OK | |
r-oldrel-macos-x86_64 | 1.0.0 | OK | ||||
r-oldrel-windows-ix86+x86_64 | 1.0.0 | 4.00 | 45.00 | 49.00 | OK |
Version: 1.0.0
Check: LazyData
Result: NOTE
'LazyData' is specified without a 'data' directory
Flavors: r-devel-linux-x86_64-debian-clang, r-devel-linux-x86_64-debian-gcc, r-devel-linux-x86_64-fedora-clang, r-devel-linux-x86_64-fedora-gcc, r-devel-windows-ix86+x86_64, r-devel-windows-x86_64-gcc10-UCRT