CRAN Package Check Results for Package hoardeR

Last updated on 2018-02-22 22:47:27 CET.

Flavor Version Tinstall Tcheck Ttotal Status Flags
r-devel-linux-x86_64-debian-clang 0.9.2 16.56 171.84 188.40 OK
r-devel-linux-x86_64-debian-gcc 0.9.2 14.48 157.38 171.86 OK
r-devel-windows-ix86+x86_64 0.9.2 33.00 182.00 215.00 OK
r-patched-linux-x86_64 0.9.2 14.65 193.48 208.13 OK
r-patched-solaris-x86 0.9.2 3.90 ERROR
r-release-linux-x86_64 0.9.2 13.54 194.32 207.86 OK
r-release-windows-ix86+x86_64 0.9.2 37.00 266.00 303.00 OK
r-release-osx-x86_64 0.9.2 ERROR
r-oldrel-windows-ix86+x86_64 0.9.2 24.00 195.00 219.00 OK
r-oldrel-osx-x86_64 0.9.2 ERROR

Check Details

Version: 0.9.2
Check: package dependencies
Result: ERROR
    Package required but not available: ‘bamsignals’
    
    See section ‘The DESCRIPTION file’ in the ‘Writing R Extensions’
    manual.
Flavor: r-patched-solaris-x86

Version: 0.9.2
Check: package dependencies
Result: ERROR
    Packages required but not available:
     ‘Biostrings’ ‘GenomicRanges’ ‘bamsignals’ ‘Rsamtools’ ‘GenomicTools’
    
    See section ‘The DESCRIPTION file’ in the ‘Writing R Extensions’
    manual.
Flavor: r-release-osx-x86_64

Version: 0.9.2
Check: whether package can be installed
Result: ERROR
    Installation failed.
Flavor: r-oldrel-osx-x86_64