CRAN Package Check Results for Package hoardeR

Last updated on 2018-05-27 13:47:17 CEST.

Flavor Version Tinstall Tcheck Ttotal Status Flags
r-devel-linux-x86_64-debian-clang 0.9.2 23.29 243.70 266.99 OK
r-devel-linux-x86_64-debian-gcc 0.9.2 16.74 190.25 206.99 OK
r-devel-linux-x86_64-fedora-clang 0.9.2 316.26 OK
r-devel-linux-x86_64-fedora-gcc 0.9.2 311.80 OK
r-devel-windows-ix86+x86_64 0.9.2 35.00 244.00 279.00 OK
r-patched-linux-x86_64 0.9.2 16.25 193.13 209.38 OK
r-patched-solaris-x86 0.9.2 3.60 ERROR
r-release-linux-x86_64 0.9.2 16.76 193.74 210.50 OK
r-release-windows-ix86+x86_64 0.9.2 37.00 261.00 298.00 OK
r-release-osx-x86_64 0.9.2 ERROR
r-oldrel-windows-ix86+x86_64 0.9.2 39.00 193.00 232.00 OK
r-oldrel-osx-x86_64 0.9.2 OK

Check Details

Version: 0.9.2
Check: package dependencies
Result: ERROR
    Package required but not available: ‘bamsignals’
    
    See section ‘The DESCRIPTION file’ in the ‘Writing R Extensions’
    manual.
Flavor: r-patched-solaris-x86

Version: 0.9.2
Check: package dependencies
Result: ERROR
    Package required but not available: ‘Rsamtools’
    
    See section ‘The DESCRIPTION file’ in the ‘Writing R Extensions’
    manual.
Flavor: r-release-osx-x86_64