CRAN Package Check Results for Package hoardeR

Last updated on 2018-08-18 12:50:07 CEST.

Flavor Version Tinstall Tcheck Ttotal Status Flags
r-devel-linux-x86_64-debian-clang 0.9.2 18.40 243.13 261.53 OK
r-devel-linux-x86_64-debian-gcc 0.9.2 18.62 194.56 213.18 OK
r-devel-linux-x86_64-fedora-clang 0.9.2 311.44 OK
r-devel-linux-x86_64-fedora-gcc 0.9.2 307.69 OK
r-devel-windows-ix86+x86_64 0.9.2 44.00 324.00 368.00 OK
r-patched-linux-x86_64 0.9.2 18.45 193.21 211.66 OK
r-patched-solaris-x86 0.9.2 3.80 ERROR
r-release-linux-x86_64 0.9.2 14.49 193.25 207.74 OK
r-release-windows-ix86+x86_64 0.9.2 40.00 252.00 292.00 OK
r-release-osx-x86_64 0.9.2 ERROR
r-oldrel-windows-ix86+x86_64 0.9.2 28.00 267.00 295.00 OK
r-oldrel-osx-x86_64 0.9.2 OK

Check Details

Version: 0.9.2
Check: package dependencies
Result: ERROR
    Package required but not available: ‘bamsignals’
    
    See section ‘The DESCRIPTION file’ in the ‘Writing R Extensions’
    manual.
Flavor: r-patched-solaris-x86

Version: 0.9.2
Check: package dependencies
Result: ERROR
    Package required but not available: ‘Rsamtools’
    
    See section ‘The DESCRIPTION file’ in the ‘Writing R Extensions’
    manual.
Flavor: r-release-osx-x86_64