CRAN Package Check Results for Package hoardeR

Last updated on 2019-01-22 00:46:28 CET.

Flavor Version Tinstall Tcheck Ttotal Status Flags
r-devel-linux-x86_64-debian-clang 0.9.2 19.06 204.18 223.24 OK
r-devel-linux-x86_64-debian-gcc 0.9.2 17.13 164.15 181.28 OK
r-devel-linux-x86_64-fedora-clang 0.9.2 279.00 OK
r-devel-linux-x86_64-fedora-gcc 0.9.2 253.26 OK
r-devel-windows-ix86+x86_64 0.9.2 39.00 269.00 308.00 OK
r-patched-linux-x86_64 0.9.2 16.52 195.90 212.42 OK
r-patched-solaris-x86 0.9.2 4.20 ERROR
r-release-linux-x86_64 0.9.2 15.36 194.20 209.56 OK
r-release-windows-ix86+x86_64 0.9.2 37.00 274.00 311.00 OK
r-release-osx-x86_64 0.9.2 ERROR
r-oldrel-windows-ix86+x86_64 0.9.2 37.00 205.00 242.00 OK
r-oldrel-osx-x86_64 0.9.2 OK

Check Details

Version: 0.9.2
Check: package dependencies
Result: ERROR
    Package required but not available: ‘bamsignals’
    
    See section ‘The DESCRIPTION file’ in the ‘Writing R Extensions’
    manual.
Flavor: r-patched-solaris-x86

Version: 0.9.2
Check: package dependencies
Result: ERROR
    Package required but not available: ‘Rsamtools’
    
    See section ‘The DESCRIPTION file’ in the ‘Writing R Extensions’
    manual.
Flavor: r-release-osx-x86_64