CRAN Package Check Results for Package hoardeR

Last updated on 2018-10-21 17:54:10 CEST.

Flavor Version Tinstall Tcheck Ttotal Status Flags
r-devel-linux-x86_64-debian-clang 0.9.2 22.27 243.73 266.00 OK
r-devel-linux-x86_64-debian-gcc 0.9.2 17.21 194.00 211.21 OK
r-devel-linux-x86_64-fedora-clang 0.9.2 323.07 OK
r-devel-linux-x86_64-fedora-gcc 0.9.2 308.95 OK
r-devel-windows-ix86+x86_64 0.9.2 43.00 314.00 357.00 OK
r-patched-linux-x86_64 0.9.2 16.98 195.62 212.60 OK
r-patched-solaris-x86 0.9.2 3.70 ERROR
r-release-linux-x86_64 0.9.2 18.26 193.63 211.89 OK
r-release-windows-ix86+x86_64 0.9.2 38.00 262.00 300.00 OK
r-release-osx-x86_64 0.9.2 ERROR
r-oldrel-windows-ix86+x86_64 0.9.2 25.00 281.00 306.00 OK
r-oldrel-osx-x86_64 0.9.2 OK

Check Details

Version: 0.9.2
Check: package dependencies
Result: ERROR
    Package required but not available: ‘bamsignals’
    
    See section ‘The DESCRIPTION file’ in the ‘Writing R Extensions’
    manual.
Flavor: r-patched-solaris-x86

Version: 0.9.2
Check: package dependencies
Result: ERROR
    Package required but not available: ‘Rsamtools’
    
    See section ‘The DESCRIPTION file’ in the ‘Writing R Extensions’
    manual.
Flavor: r-release-osx-x86_64