CRAN Package Check Results for Package holodeck

Last updated on 2020-02-20 19:48:26 CET.

Flavor Version Tinstall Tcheck Ttotal Status Flags
r-devel-linux-x86_64-debian-clang 0.2.0 4.25 118.15 122.40 OK
r-devel-linux-x86_64-debian-gcc 0.2.0 3.27 83.27 86.54 OK
r-devel-linux-x86_64-fedora-clang 0.2.0 152.27 OK
r-devel-linux-x86_64-fedora-gcc 0.2.0 144.24 OK
r-devel-windows-ix86+x86_64 0.2.0 9.00 119.00 128.00 OK
r-devel-windows-ix86+x86_64-gcc8 0.2.0 15.00 161.00 176.00 OK
r-patched-linux-x86_64 0.2.0 3.90 102.18 106.08 OK
r-patched-solaris-x86 0.2.0 79.30 WARN
r-release-linux-x86_64 0.2.0 3.37 102.23 105.60 OK
r-release-windows-ix86+x86_64 0.2.0 8.00 120.00 128.00 OK
r-release-osx-x86_64 0.2.0 WARN
r-oldrel-windows-ix86+x86_64 0.2.0 6.00 116.00 122.00 OK
r-oldrel-osx-x86_64 0.2.0 WARN

Check Details

Version: 0.2.0
Check: re-building of vignette outputs
Result: WARN
    Error(s) in re-building vignettes:
     ...
    --- re-building ‘simulating-data.Rmd’ using rmarkdown
    Warning in engine$weave(file, quiet = quiet, encoding = enc) :
     Pandoc (>= 1.12.3) and/or pandoc-citeproc not available. Falling back to R Markdown v1.
    
    Attaching package: 'dplyr'
    
    The following objects are masked from 'package:stats':
    
     filter, lag
    
    The following objects are masked from 'package:base':
    
     intersect, setdiff, setequal, union
    
    Loading required package: Biobase
    Loading required package: BiocGenerics
    Loading required package: parallel
    
    Attaching package: 'BiocGenerics'
    
    The following objects are masked from 'package:parallel':
    
     clusterApply, clusterApplyLB, clusterCall, clusterEvalQ,
     clusterExport, clusterMap, parApply, parCapply, parLapply,
     parLapplyLB, parRapply, parSapply, parSapplyLB
    
    The following objects are masked from 'package:dplyr':
    
     combine, intersect, setdiff, union
    
    The following objects are masked from 'package:stats':
    
     IQR, mad, sd, var, xtabs
    
    The following objects are masked from 'package:base':
    
     Filter, Find, Map, Position, Reduce, anyDuplicated, append,
     as.data.frame, basename, cbind, colnames, dirname, do.call,
     duplicated, eval, evalq, get, grep, grepl, intersect, is.unsorted,
     lapply, mapply, match, mget, order, paste, pmax, pmax.int, pmin,
     pmin.int, rank, rbind, rownames, sapply, setdiff, sort, table,
     tapply, union, unique, unsplit, which, which.max, which.min
    
    Welcome to Bioconductor
    
     Vignettes contain introductory material; view with
     'browseVignettes()'. To cite Bioconductor, see
     'citation("Biobase")', and for packages 'citation("pkgname")'.
    
    Loading required package: lattice
    
    Attaching package: 'mice'
    
    The following objects are masked from 'package:BiocGenerics':
    
     cbind, rbind
    
    The following objects are masked from 'package:base':
    
     cbind, rbind
    
    Quitting from lines 109-113 (simulating-data.Rmd)
    Error: processing vignette 'simulating-data.Rmd' failed with diagnostics:
    there is no package called 'webshot'
    --- failed re-building ‘simulating-data.Rmd’
    
    SUMMARY: processing the following file failed:
     ‘simulating-data.Rmd’
    
    Error: Vignette re-building failed.
    Execution halted
Flavor: r-patched-solaris-x86

Version: 0.2.0
Check: package dependencies
Result: NOTE
    Packages suggested but not available for checking: 'iheatmapr', 'ropls'
Flavor: r-release-osx-x86_64

Version: 0.2.0
Check: re-building of vignette outputs
Result: WARN
    Error(s) in re-building vignettes:
     ...
    --- re-building ‘simulating-data.Rmd’ using rmarkdown
    Warning in engine$weave(file, quiet = quiet, encoding = enc) :
     Pandoc (>= 1.12.3) and/or pandoc-citeproc not available. Falling back to R Markdown v1.
    
    Attaching package: 'dplyr'
    
    The following objects are masked from 'package:stats':
    
     filter, lag
    
    The following objects are masked from 'package:base':
    
     intersect, setdiff, setequal, union
    
    Quitting from lines 25-31 (simulating-data.Rmd)
    Error: processing vignette 'simulating-data.Rmd' failed with diagnostics:
    there is no package called 'ropls'
    --- failed re-building ‘simulating-data.Rmd’
    
    SUMMARY: processing the following file failed:
     ‘simulating-data.Rmd’
    
    Error: Vignette re-building failed.
    Execution halted
Flavor: r-release-osx-x86_64

Version: 0.2.0
Check: re-building of vignette outputs
Result: WARN
    Error in re-building vignettes:
     ...
    Warning in engine$weave(file, quiet = quiet, encoding = enc) :
     Pandoc (>= 1.12.3) and/or pandoc-citeproc not available. Falling back to R Markdown v1.
    
    Attaching package: 'dplyr'
    
    The following objects are masked from 'package:stats':
    
     filter, lag
    
    The following objects are masked from 'package:base':
    
     intersect, setdiff, setequal, union
    
    Loading required package: lattice
    
    Attaching package: 'mice'
    
    The following objects are masked from 'package:base':
    
     cbind, rbind
    
    Quitting from lines 109-113 (simulating-data.Rmd)
    Error: processing vignette 'simulating-data.Rmd' failed with diagnostics:
    cannot open the connection
    Execution halted
Flavor: r-oldrel-osx-x86_64