CRAN Package Check Results for Package hopit

Last updated on 2020-02-20 21:47:29 CET.

Flavor Version Tinstall Tcheck Ttotal Status Flags
r-devel-linux-x86_64-debian-clang 0.10.3 49.17 117.14 166.31 OK
r-devel-linux-x86_64-debian-gcc 0.10.3 34.49 88.40 122.89 OK
r-devel-linux-x86_64-fedora-clang 0.10.3 218.72 NOTE
r-devel-linux-x86_64-fedora-gcc 0.10.3 201.78 NOTE
r-devel-windows-ix86+x86_64 0.10.3 65.00 221.00 286.00 OK
r-devel-windows-ix86+x86_64-gcc8 0.10.3 116.00 290.00 406.00 OK
r-patched-linux-x86_64 0.10.3 36.96 105.23 142.19 OK
r-patched-solaris-x86 0.10.3 276.40 NOTE
r-release-linux-x86_64 0.10.3 35.66 106.08 141.74 OK
r-release-windows-ix86+x86_64 0.10.3 77.00 232.00 309.00 OK
r-release-osx-x86_64 0.10.3 NOTE
r-oldrel-windows-ix86+x86_64 0.10.3 70.00 199.00 269.00 OK
r-oldrel-osx-x86_64 0.10.3 NOTE

Check Details

Version: 0.10.3
Check: installed package size
Result: NOTE
     installed size is 9.7Mb
     sub-directories of 1Mb or more:
     libs 9.0Mb
Flavors: r-devel-linux-x86_64-fedora-clang, r-release-osx-x86_64, r-oldrel-osx-x86_64

Version: 0.10.3
Check: dependencies in R code
Result: NOTE
    Namespace in Imports field not imported from: ‘Matrix’
     All declared Imports should be used.
Flavors: r-devel-linux-x86_64-fedora-clang, r-devel-linux-x86_64-fedora-gcc, r-patched-solaris-x86, r-release-osx-x86_64, r-oldrel-osx-x86_64