CRAN Package Check Results for Package hopit

Last updated on 2019-09-19 13:46:12 CEST.

Flavor Version Tinstall Tcheck Ttotal Status Flags
r-devel-linux-x86_64-debian-clang 0.9.0 46.41 164.76 211.17 OK
r-devel-linux-x86_64-debian-gcc 0.9.0 33.89 126.55 160.44 OK
r-devel-linux-x86_64-fedora-clang 0.9.0 276.71 NOTE
r-devel-linux-x86_64-fedora-gcc 0.9.0 259.86 NOTE
r-devel-windows-ix86+x86_64 0.9.0 108.00 425.00 533.00 OK
r-patched-linux-x86_64 0.9.0 38.02 160.58 198.60 OK
r-patched-solaris-x86 0.9.0 437.10 NOTE
r-release-linux-x86_64 0.9.0 37.22 161.90 199.12 OK
r-release-windows-ix86+x86_64 0.9.0 68.00 332.00 400.00 OK
r-release-osx-x86_64 0.9.0 NOTE
r-oldrel-windows-ix86+x86_64 0.9.0 61.00 315.00 376.00 OK
r-oldrel-osx-x86_64 0.9.0 NOTE

Check Details

Version: 0.9.0
Check: installed package size
Result: NOTE
     installed size is 9.9Mb
     sub-directories of 1Mb or more:
     libs 9.0Mb
Flavors: r-devel-linux-x86_64-fedora-clang, r-release-osx-x86_64, r-oldrel-osx-x86_64

Version: 0.9.0
Check: dependencies in R code
Result: NOTE
    Namespace in Imports field not imported from: ‘Matrix’
     All declared Imports should be used.
Flavors: r-devel-linux-x86_64-fedora-clang, r-devel-linux-x86_64-fedora-gcc, r-patched-solaris-x86, r-release-osx-x86_64, r-oldrel-osx-x86_64