CRAN Package Check Results for Package htmcglm

Last updated on 2022-12-01 06:52:46 CET.

Flavor Version Tinstall Tcheck Ttotal Status Flags
r-devel-linux-x86_64-debian-clang 0.0.1 9.04 136.42 145.46 OK
r-devel-linux-x86_64-debian-gcc 0.0.1 7.64 102.36 110.00 OK
r-devel-linux-x86_64-fedora-clang 0.0.1 195.23 OK
r-devel-linux-x86_64-fedora-gcc 0.0.1 195.36 OK
r-devel-windows-x86_64 0.0.1 24.00 155.00 179.00 OK
r-patched-linux-x86_64 0.0.1 8.16 129.22 137.38 OK
r-release-linux-x86_64 0.0.1 9.88 131.70 141.58 OK
r-release-macos-arm64 0.0.1 45.00 OK
r-release-macos-x86_64 0.0.1 74.00 OK
r-release-windows-x86_64 0.0.1 20.00 159.00 179.00 OK
r-oldrel-macos-arm64 0.0.1 53.00 OK
r-oldrel-macos-x86_64 0.0.1 74.00 OK
r-oldrel-windows-ix86+x86_64 0.0.1 22.00 96.00 118.00 ERROR

Check Details

Version: 0.0.1
Check: examples
Result: ERROR
    Running examples in 'htmcglm-Ex.R' failed
    The error most likely occurred in:
    
    > ### Name: mc_anova_I
    > ### Title: ANOVA type I table for mcglm objects via Wald test.
    > ### Aliases: mc_anova_I
    >
    > ### ** Examples
    >
    >
    > library(mcglm)
    ----------------------------------------------------------------------
     mcglm: Multivariate Covariance Generalized Linear Models
    
     For support, collaboration or bug report, visit:
     http://mcglm.leg.ufpr.br/
    
     mcglm version 0.7.0 (build on 2021-07-07) is now loaded.
    ----------------------------------------------------------------------
    > library(Matrix)
    > library(htmcglm)
    >
    > data("soya", package = "mcglm")
    >
    > form.grain <- grain ~ water * pot
    > form.seed <- seeds ~ water * pot
    >
    > soya$viablepeasP <- soya$viablepeas / soya$totalpeas
    > form.peas <- viablepeasP ~ water * pot
    >
    > Z0 <- mc_id(soya)
    > Z1 <- mc_mixed(~0 + factor(block), data = soya)
    >
    > fit_joint <- mcglm(linear_pred = c(form.grain,
    + form.seed,
    + form.peas),
    + matrix_pred = list(c(Z0, Z1),
    + c(Z0, Z1),
    + c(Z0, Z1)),
    + link = c("identity",
    + "log",
    + "logit"),
    + variance = c("constant",
    + "tweedie",
    + "binomialP"),
    + Ntrial = list(NULL,
    + NULL,
    + soya$totalpeas),
    + power_fixed = c(TRUE,TRUE,TRUE),
    + data = soya)
    Automatic initial values selected.
    Error in (function (classes, fdef, mtable) :
     unable to find an inherited method for function 'forceSymmetric' for signature '"dgCMatrix", "logical"'
    Error: $ operator is invalid for atomic vectors
    Execution halted
Flavor: r-oldrel-windows-ix86+x86_64